Last updated on 2024-07-18 09:52:19 CEST.
Flavor | Version | Tinstall | Tcheck | Ttotal | Status | Flags |
---|---|---|---|---|---|---|
r-devel-linux-x86_64-debian-clang | 0.1.2 | 86.15 | 125.91 | 212.06 | OK | |
r-devel-linux-x86_64-debian-gcc | 0.1.2 | 56.80 | 97.07 | 153.87 | OK | |
r-devel-linux-x86_64-fedora-clang | 0.1.2 | 311.67 | NOTE | |||
r-devel-linux-x86_64-fedora-gcc | 0.1.2 | 305.36 | OK | |||
r-devel-windows-x86_64 | 0.1.2 | 65.00 | 140.00 | 205.00 | NOTE | |
r-patched-linux-x86_64 | 0.1.2 | 72.59 | 122.70 | 195.29 | OK | |
r-release-linux-x86_64 | 0.1.2 | 71.21 | 124.60 | 195.81 | OK | |
r-release-macos-arm64 | 0.1.2 | 70.00 | NOTE | |||
r-release-macos-x86_64 | 0.1.2 | 97.00 | NOTE | |||
r-release-windows-x86_64 | 0.1.2 | 65.00 | 139.00 | 204.00 | NOTE | |
r-oldrel-macos-arm64 | 0.1.2 | 77.00 | NOTE | |||
r-oldrel-macos-x86_64 | 0.1.2 | 166.00 | NOTE | |||
r-oldrel-windows-x86_64 | 0.1.2 | 62.00 | 162.00 | 224.00 | NOTE |
Version: 0.1.2
Check: installed package size
Result: NOTE
installed size is 5.1Mb
sub-directories of 1Mb or more:
doc 4.1Mb
Flavors: r-devel-linux-x86_64-fedora-clang, r-devel-windows-x86_64, r-release-macos-arm64, r-release-macos-x86_64, r-release-windows-x86_64, r-oldrel-macos-arm64, r-oldrel-macos-x86_64, r-oldrel-windows-x86_64