Last updated on 2024-07-18 09:52:19 CEST.
Flavor | Version | Tinstall | Tcheck | Ttotal | Status | Flags |
---|---|---|---|---|---|---|
r-devel-linux-x86_64-debian-clang | 1.7.2 | 19.60 | 244.58 | 264.18 | ERROR | |
r-devel-linux-x86_64-debian-gcc | 1.7.2 | 16.87 | 179.02 | 195.89 | ERROR | |
r-devel-linux-x86_64-fedora-clang | 1.7.2 | 272.63 | ERROR | |||
r-devel-linux-x86_64-fedora-gcc | 1.7.2 | 172.52 | NOTE | |||
r-devel-windows-x86_64 | 1.7.2 | 20.00 | 210.00 | 230.00 | ERROR | |
r-patched-linux-x86_64 | 1.7.2 | 18.57 | 231.94 | 250.51 | ERROR | |
r-release-linux-x86_64 | 1.7.2 | 25.78 | 235.98 | 261.76 | ERROR | |
r-release-macos-arm64 | 1.7.2 | 94.00 | NOTE | |||
r-release-macos-x86_64 | 1.7.2 | 142.00 | NOTE | |||
r-release-windows-x86_64 | 1.7.2 | 20.00 | 209.00 | 229.00 | NOTE | |
r-oldrel-macos-arm64 | 1.7.2 | 87.00 | OK | |||
r-oldrel-macos-x86_64 | 1.7.2 | 197.00 | OK | |||
r-oldrel-windows-x86_64 | 1.7.2 | 27.00 | 256.00 | 283.00 | ERROR |
Version: 1.7.2
Check: Rd files
Result: NOTE
checkRd: (-1) as_flex_table.Rd:24: Lost braces; missing escapes or markup?
24 | A {flextable} object
| ^
checkRd: (-1) as_hux_table.Rd:37: Lost braces; missing escapes or markup?
37 | A {huxtable} object
| ^
checkRd: (-1) as_kable_extra.Rd:42: Lost braces; missing escapes or markup?
42 | and {kableExtra}; \code{as_kable_extra()} supports arguments in \code{knitr::kable()}.
| ^
checkRd: (-1) as_kable_extra.Rd:37: Lost braces; missing escapes or markup?
37 | A {kableExtra} table
| ^
checkRd: (-1) select_helpers.Rd:53: Lost braces; missing escapes or markup?
53 | Set of functions to supplement the {tidyselect} set of
| ^
checkRd: (-1) tbl_summary.Rd:91: Lost braces; missing escapes or markup?
91 | from the \\{tidyselect\\} package and \\{gtsummary\\} package are available to
| ^
checkRd: (-1) tbl_summary.Rd:91: Lost braces; missing escapes or markup?
91 | from the \\{tidyselect\\} package and \\{gtsummary\\} package are available to
| ^
checkRd: (-1) tbl_svysummary.Rd:183: Lost braces; missing escapes or markup?
183 | from the \\{tidyselect\\} package and \\{gtsummary\\} package are available to
| ^
checkRd: (-1) tbl_svysummary.Rd:183: Lost braces; missing escapes or markup?
183 | from the \\{tidyselect\\} package and \\{gtsummary\\} package are available to
| ^
Flavors: r-devel-linux-x86_64-debian-clang, r-devel-linux-x86_64-debian-gcc, r-devel-linux-x86_64-fedora-clang, r-devel-linux-x86_64-fedora-gcc, r-devel-windows-x86_64, r-patched-linux-x86_64, r-release-linux-x86_64, r-release-macos-arm64, r-release-macos-x86_64, r-release-windows-x86_64
Version: 1.7.2
Check: re-building of vignette outputs
Result: ERROR
Error(s) in re-building vignettes:
...
--- re-building ‘gallery.Rmd’ using rmarkdown
--- finished re-building ‘gallery.Rmd’
--- re-building ‘gtsummary_definition.Rmd’ using rmarkdown
Quitting from lines 312-331 [unnamed-chunk-12] (gtsummary_definition.Rmd)
Error: processing vignette 'gtsummary_definition.Rmd' failed with diagnostics:
The package "katex" (>= 1.4.1) is required to render equations in HTML
tables.
--- failed re-building ‘gtsummary_definition.Rmd’
--- re-building ‘inline_text.Rmd’ using rmarkdown
--- finished re-building ‘inline_text.Rmd’
--- re-building ‘rmarkdown.Rmd’ using rmarkdown
--- finished re-building ‘rmarkdown.Rmd’
--- re-building ‘tbl_regression.Rmd’ using rmarkdown
--- finished re-building ‘tbl_regression.Rmd’
--- re-building ‘tbl_summary.Rmd’ using rmarkdown
--- finished re-building ‘tbl_summary.Rmd’
--- re-building ‘themes.Rmd’ using rmarkdown
--- finished re-building ‘themes.Rmd’
SUMMARY: processing the following file failed:
‘gtsummary_definition.Rmd’
Error: Vignette re-building failed.
Execution halted
Flavors: r-devel-linux-x86_64-debian-clang, r-devel-linux-x86_64-debian-gcc, r-patched-linux-x86_64, r-release-linux-x86_64
Version: 1.7.2
Check: re-building of vignette outputs
Result: ERROR
Error(s) in re-building vignettes:
--- re-building ‘gallery.Rmd’ using rmarkdown
--- finished re-building ‘gallery.Rmd’
--- re-building ‘gtsummary_definition.Rmd’ using rmarkdown
Quitting from lines 312-331 [unnamed-chunk-12] (gtsummary_definition.Rmd)
Error: processing vignette 'gtsummary_definition.Rmd' failed with diagnostics:
The package "katex" (>= 1.4.1) is required to render equations in HTML
tables.
--- failed re-building ‘gtsummary_definition.Rmd’
--- re-building ‘inline_text.Rmd’ using rmarkdown
--- finished re-building ‘inline_text.Rmd’
--- re-building ‘rmarkdown.Rmd’ using rmarkdown
--- finished re-building ‘rmarkdown.Rmd’
--- re-building ‘tbl_regression.Rmd’ using rmarkdown
--- finished re-building ‘tbl_regression.Rmd’
--- re-building ‘tbl_summary.Rmd’ using rmarkdown
--- finished re-building ‘tbl_summary.Rmd’
--- re-building ‘themes.Rmd’ using rmarkdown
--- finished re-building ‘themes.Rmd’
SUMMARY: processing the following file failed:
‘gtsummary_definition.Rmd’
Error: Vignette re-building failed.
Execution halted
Flavors: r-devel-linux-x86_64-fedora-clang, r-devel-windows-x86_64, r-oldrel-windows-x86_64