Last updated on 2024-07-18 09:52:20 CEST.
Flavor | Version | Tinstall | Tcheck | Ttotal | Status | Flags |
---|---|---|---|---|---|---|
r-devel-linux-x86_64-debian-clang | 1.1.1 | 2.02 | 55.39 | 57.41 | NOTE | |
r-devel-linux-x86_64-debian-gcc | 1.1.1 | 1.42 | 40.62 | 42.04 | NOTE | |
r-devel-linux-x86_64-fedora-clang | 1.1.1 | 77.39 | NOTE | |||
r-devel-linux-x86_64-fedora-gcc | 1.1.1 | 84.28 | NOTE | |||
r-devel-windows-x86_64 | 1.1.1 | 3.00 | 57.00 | 60.00 | NOTE | |
r-patched-linux-x86_64 | 1.1.1 | 1.68 | 52.45 | 54.13 | NOTE | |
r-release-linux-x86_64 | 1.1.1 | 2.07 | 55.79 | 57.86 | NOTE | |
r-release-macos-arm64 | 1.1.1 | 26.00 | NOTE | |||
r-release-macos-x86_64 | 1.1.1 | 50.00 | NOTE | |||
r-release-windows-x86_64 | 1.1.1 | 3.00 | 57.00 | 60.00 | NOTE | |
r-oldrel-macos-arm64 | 1.1.1 | 29.00 | NOTE | |||
r-oldrel-macos-x86_64 | 1.1.1 | 45.00 | NOTE | |||
r-oldrel-windows-x86_64 | 1.1.1 | 2.00 | 60.00 | 62.00 | NOTE |
Version: 1.1.1
Check: LazyData
Result: NOTE
'LazyData' is specified without a 'data' directory
Flavors: r-devel-linux-x86_64-debian-clang, r-devel-linux-x86_64-debian-gcc, r-devel-linux-x86_64-fedora-clang, r-devel-linux-x86_64-fedora-gcc, r-devel-windows-x86_64, r-patched-linux-x86_64, r-release-linux-x86_64, r-release-macos-arm64, r-release-macos-x86_64, r-release-windows-x86_64, r-oldrel-macos-arm64, r-oldrel-macos-x86_64, r-oldrel-windows-x86_64