Last updated on 2024-07-18 09:52:20 CEST.
Flavor | Version | Tinstall | Tcheck | Ttotal | Status | Flags |
---|---|---|---|---|---|---|
r-devel-linux-x86_64-debian-clang | 1.2.12 | 55.62 | 110.79 | 166.41 | OK | |
r-devel-linux-x86_64-debian-gcc | 1.2.12 | 32.86 | 83.71 | 116.57 | OK | |
r-devel-linux-x86_64-fedora-clang | 1.2.12 | 219.38 | OK | |||
r-devel-linux-x86_64-fedora-gcc | 1.2.12 | 208.52 | OK | |||
r-devel-windows-x86_64 | 1.2.12 | 43.00 | 111.00 | 154.00 | NOTE | |
r-patched-linux-x86_64 | 1.2.12 | 47.53 | 108.80 | 156.33 | OK | |
r-release-linux-x86_64 | 1.2.12 | 41.59 | 111.42 | 153.01 | OK | |
r-release-macos-arm64 | 1.2.12 | 59.00 | NOTE | |||
r-release-macos-x86_64 | 1.2.12 | 88.00 | NOTE | |||
r-release-windows-x86_64 | 1.2.12 | 40.00 | 111.00 | 151.00 | OK | |
r-oldrel-macos-arm64 | 1.2.12 | 60.00 | NOTE | |||
r-oldrel-macos-x86_64 | 1.2.12 | 126.00 | NOTE | |||
r-oldrel-windows-x86_64 | 1.2.12 | 50.00 | 138.00 | 188.00 | OK |
Version: 1.2.12
Check: Rd cross-references
Result: NOTE
Found the following Rd file(s) with Rd \link{} targets missing package
anchors:
att.Rd: estimatr
Please provide package anchors for all Rd \link{} targets not in the
package itself and the base packages.
Flavor: r-devel-windows-x86_64
Version: 1.2.12
Check: installed package size
Result: NOTE
installed size is 9.5Mb
sub-directories of 1Mb or more:
libs 9.2Mb
Flavors: r-release-macos-arm64, r-release-macos-x86_64, r-oldrel-macos-arm64, r-oldrel-macos-x86_64