Last updated on 2024-07-18 09:52:20 CEST.
Flavor | Version | Tinstall | Tcheck | Ttotal | Status | Flags |
---|---|---|---|---|---|---|
r-devel-linux-x86_64-debian-clang | 1.3.11 | 56.70 | 150.44 | 207.14 | OK | |
r-devel-linux-x86_64-debian-gcc | 1.3.11 | 50.35 | 108.04 | 158.39 | OK | |
r-devel-linux-x86_64-fedora-clang | 1.3.11 | 276.94 | OK | |||
r-devel-linux-x86_64-fedora-gcc | 1.3.11 | 279.43 | OK | |||
r-devel-windows-x86_64 | 1.3.11 | 63.00 | 153.00 | 216.00 | NOTE | |
r-patched-linux-x86_64 | 1.3.11 | 62.85 | 141.07 | 203.92 | OK | |
r-release-linux-x86_64 | 1.3.11 | 63.14 | 144.33 | 207.47 | OK | |
r-release-macos-arm64 | 1.3.11 | 98.00 | NOTE | |||
r-release-macos-x86_64 | 1.3.11 | 247.00 | NOTE | |||
r-release-windows-x86_64 | 1.3.11 | 65.00 | 159.00 | 224.00 | NOTE | |
r-oldrel-macos-arm64 | 1.3.11 | 132.00 | NOTE | |||
r-oldrel-macos-x86_64 | 1.3.11 | 199.00 | NOTE | |||
r-oldrel-windows-x86_64 | 1.3.11 | 82.00 | 191.00 | 273.00 | NOTE |
Version: 1.3.11
Check: installed package size
Result: NOTE
installed size is 7.1Mb
sub-directories of 1Mb or more:
libs 4.5Mb
Flavors: r-devel-windows-x86_64, r-release-macos-arm64, r-release-macos-x86_64, r-release-windows-x86_64, r-oldrel-macos-arm64, r-oldrel-macos-x86_64, r-oldrel-windows-x86_64