Last updated on 2024-07-18 04:50:16 CEST.
Flavor | Version | Tinstall | Tcheck | Ttotal | Status | Flags |
---|---|---|---|---|---|---|
r-devel-linux-x86_64-debian-clang | 0.1.1 | 50.59 | 24.25 | 74.84 | OK | |
r-devel-linux-x86_64-debian-gcc | 0.1.1 | 39.19 | 18.60 | 57.79 | OK | |
r-devel-linux-x86_64-fedora-clang | 0.1.1 | 119.72 | OK | |||
r-devel-linux-x86_64-fedora-gcc | 0.1.1 | 108.28 | OK | |||
r-devel-windows-x86_64 | 0.1.1 | 47.00 | 54.00 | 101.00 | OK | |
r-patched-linux-x86_64 | 0.1.1 | 48.26 | 23.45 | 71.71 | OK | |
r-release-linux-x86_64 | 0.1.1 | 49.11 | 22.63 | 71.74 | OK | |
r-release-macos-arm64 | 0.1.1 | 38.00 | NOTE | |||
r-release-macos-x86_64 | 0.1.1 | 71.00 | NOTE | |||
r-release-windows-x86_64 | 0.1.1 | 45.00 | 53.00 | 98.00 | OK | |
r-oldrel-macos-arm64 | 0.1.1 | 43.00 | NOTE | |||
r-oldrel-macos-x86_64 | 0.1.1 | 20.00 | ERROR | |||
r-oldrel-windows-x86_64 | 0.1.1 | 48.00 | 58.00 | 106.00 | OK |
Version: 0.1.1
Check: installed package size
Result: NOTE
installed size is 7.4Mb
sub-directories of 1Mb or more:
libs 7.3Mb
Flavors: r-release-macos-arm64, r-release-macos-x86_64, r-oldrel-macos-arm64
Version: 0.1.1
Check: whether package can be installed
Result: ERROR
Installation failed.
Flavor: r-oldrel-macos-x86_64