Last updated on 2024-07-18 09:52:21 CEST.
Flavor | Version | Tinstall | Tcheck | Ttotal | Status | Flags |
---|---|---|---|---|---|---|
r-devel-linux-x86_64-debian-clang | 0.10 | 32.28 | 307.14 | 339.42 | OK | |
r-devel-linux-x86_64-debian-gcc | 0.10 | 28.48 | 228.27 | 256.75 | OK | |
r-devel-linux-x86_64-fedora-clang | 0.10 | 432.11 | NOTE | |||
r-devel-linux-x86_64-fedora-gcc | 0.10 | 414.24 | NOTE | |||
r-devel-windows-x86_64 | 0.10 | 27.00 | 215.00 | 242.00 | OK | |
r-patched-linux-x86_64 | 0.10 | 33.75 | 286.46 | 320.21 | OK | |
r-release-linux-x86_64 | 0.10 | 28.36 | 283.91 | 312.27 | OK | |
r-release-macos-arm64 | 0.10 | 130.00 | OK | |||
r-release-macos-x86_64 | 0.10 | 195.00 | OK | |||
r-release-windows-x86_64 | 0.10 | 27.00 | 212.00 | 239.00 | OK | |
r-oldrel-macos-arm64 | 0.10 | 11.00 | ERROR | |||
r-oldrel-macos-x86_64 | 0.10 | 221.00 | OK | |||
r-oldrel-windows-x86_64 | 0.10 | 36.00 | 277.00 | 313.00 | OK |
Version: 0.10
Check: dependencies in R code
Result: NOTE
Namespaces in Imports field not imported from:
‘knitr’ ‘rmarkdown’
All declared Imports should be used.
Flavors: r-devel-linux-x86_64-fedora-clang, r-devel-linux-x86_64-fedora-gcc
Version: 0.10
Check: whether package can be installed
Result: ERROR
Installation failed.
Flavor: r-oldrel-macos-arm64