Last updated on 2024-07-18 09:52:21 CEST.
Flavor | Version | Tinstall | Tcheck | Ttotal | Status | Flags |
---|---|---|---|---|---|---|
r-devel-linux-x86_64-debian-clang | 2.3.1 | 36.74 | 580.91 | 617.65 | OK | |
r-devel-linux-x86_64-debian-gcc | 2.3.1 | 28.36 | 536.41 | 564.77 | OK | |
r-devel-linux-x86_64-fedora-clang | 2.3.1 | 966.72 | NOTE | |||
r-devel-linux-x86_64-fedora-gcc | 2.3.1 | 925.80 | OK | |||
r-devel-windows-x86_64 | 2.3.1 | 40.00 | 622.00 | 662.00 | NOTE | |
r-patched-linux-x86_64 | 2.3.1 | 41.04 | 549.00 | 590.04 | OK | |
r-release-linux-x86_64 | 2.3.1 | 34.44 | 607.44 | 641.88 | OK | |
r-release-macos-arm64 | 2.3.1 | 264.00 | NOTE | |||
r-release-macos-x86_64 | 2.3.1 | 459.00 | NOTE | |||
r-release-windows-x86_64 | 2.3.1 | 38.00 | 612.00 | 650.00 | NOTE | |
r-oldrel-macos-arm64 | 2.3.1 | 256.00 | NOTE | |||
r-oldrel-macos-x86_64 | 2.3.1 | 722.00 | NOTE | |||
r-oldrel-windows-x86_64 | 2.3.1 | 46.00 | 777.00 | 823.00 | NOTE |
Version: 2.3.1
Check: installed package size
Result: NOTE
installed size is 6.2Mb
sub-directories of 1Mb or more:
data 1.8Mb
doc 2.3Mb
help 1.1Mb
Flavors: r-devel-linux-x86_64-fedora-clang, r-devel-windows-x86_64, r-release-macos-arm64, r-release-macos-x86_64, r-release-windows-x86_64, r-oldrel-macos-arm64, r-oldrel-macos-x86_64, r-oldrel-windows-x86_64