Last updated on 2024-07-18 09:52:22 CEST.
Flavor | Version | Tinstall | Tcheck | Ttotal | Status | Flags |
---|---|---|---|---|---|---|
r-devel-linux-x86_64-debian-clang | 3.1.4 | 87.96 | 428.62 | 516.58 | OK | |
r-devel-linux-x86_64-debian-gcc | 3.1.4 | 65.24 | 304.36 | 369.60 | OK | |
r-devel-linux-x86_64-fedora-clang | 3.1.4 | 645.81 | NOTE | |||
r-devel-linux-x86_64-fedora-gcc | 3.1.4 | 667.05 | NOTE | |||
r-devel-windows-x86_64 | 3.1.4 | 68.00 | 298.00 | 366.00 | OK | |
r-patched-linux-x86_64 | 3.1.4 | 82.09 | 233.55 | 315.64 | OK | |
r-release-linux-x86_64 | 3.1.4 | 53.84 | 272.41 | 326.25 | OK | |
r-release-macos-arm64 | 3.1.4 | 152.00 | NOTE | |||
r-release-macos-x86_64 | 3.1.4 | 352.00 | NOTE | |||
r-release-windows-x86_64 | 3.1.4 | 66.00 | 289.00 | 355.00 | OK | |
r-oldrel-macos-arm64 | 3.1.4 | 158.00 | NOTE | |||
r-oldrel-macos-x86_64 | 3.1.4 | 382.00 | NOTE | |||
r-oldrel-windows-x86_64 | 3.1.4 | 88.00 | 398.00 | 486.00 | OK |
Version: 3.1.4
Check: package dependencies
Result: NOTE
Imports includes 22 non-default packages.
Importing from so many packages makes the package vulnerable to any of
them becoming unavailable. Move as many as possible to Suggests and
use conditionally.
Flavor: r-devel-linux-x86_64-fedora-clang
Version: 3.1.4
Check: dependencies in R code
Result: NOTE
Namespace in Imports field not imported from: ‘raster’
All declared Imports should be used.
Flavors: r-devel-linux-x86_64-fedora-clang, r-devel-linux-x86_64-fedora-gcc
Version: 3.1.4
Check: installed package size
Result: NOTE
installed size is 5.8Mb
sub-directories of 1Mb or more:
doc 2.8Mb
libs 1.8Mb
Flavors: r-release-macos-arm64, r-release-macos-x86_64, r-oldrel-macos-arm64, r-oldrel-macos-x86_64