Last updated on 2024-07-18 09:52:25 CEST.
Flavor | Version | Tinstall | Tcheck | Ttotal | Status | Flags |
---|---|---|---|---|---|---|
r-devel-linux-x86_64-debian-clang | 1.0.2 | 2.82 | 113.39 | 116.21 | NOTE | |
r-devel-linux-x86_64-debian-gcc | 1.0.2 | 1.37 | 85.22 | 86.59 | NOTE | |
r-devel-linux-x86_64-fedora-clang | 1.0.2 | 151.28 | NOTE | |||
r-devel-linux-x86_64-fedora-gcc | 1.0.2 | 145.47 | NOTE | |||
r-devel-windows-x86_64 | 1.0.2 | 3.00 | 103.00 | 106.00 | NOTE | |
r-patched-linux-x86_64 | 1.0.2 | 2.86 | 106.98 | 109.84 | NOTE | |
r-release-linux-x86_64 | 1.0.2 | 2.63 | 107.65 | 110.28 | NOTE | |
r-release-macos-arm64 | 1.0.2 | 54.00 | NOTE | |||
r-release-macos-x86_64 | 1.0.2 | 104.00 | NOTE | |||
r-release-windows-x86_64 | 1.0.2 | 4.00 | 105.00 | 109.00 | NOTE | |
r-oldrel-macos-arm64 | 1.0.2 | 60.00 | NOTE | |||
r-oldrel-macos-x86_64 | 1.0.2 | 95.00 | NOTE | |||
r-oldrel-windows-x86_64 | 1.0.2 | 4.00 | 132.00 | 136.00 | NOTE |
Version: 1.0.2
Check: LazyData
Result: NOTE
'LazyData' is specified without a 'data' directory
Flavors: r-devel-linux-x86_64-debian-clang, r-devel-linux-x86_64-debian-gcc, r-devel-linux-x86_64-fedora-clang, r-devel-linux-x86_64-fedora-gcc, r-devel-windows-x86_64, r-patched-linux-x86_64, r-release-linux-x86_64, r-release-macos-arm64, r-release-macos-x86_64, r-release-windows-x86_64, r-oldrel-macos-arm64, r-oldrel-macos-x86_64, r-oldrel-windows-x86_64