Last updated on 2024-07-18 09:52:22 CEST.
Flavor | Version | Tinstall | Tcheck | Ttotal | Status | Flags |
---|---|---|---|---|---|---|
r-devel-linux-x86_64-debian-clang | 0.3.0 | 5.57 | 45.41 | 50.98 | OK | |
r-devel-linux-x86_64-debian-gcc | 0.3.0 | 3.28 | 33.79 | 37.07 | OK | |
r-devel-linux-x86_64-fedora-clang | 0.3.0 | 65.90 | NOTE | |||
r-devel-linux-x86_64-fedora-gcc | 0.3.0 | 71.66 | OK | |||
r-devel-windows-x86_64 | 0.3.0 | 6.00 | 54.00 | 60.00 | OK | |
r-patched-linux-x86_64 | 0.3.0 | 4.47 | 42.00 | 46.47 | OK | |
r-release-linux-x86_64 | 0.3.0 | 2.76 | 43.26 | 46.02 | OK | |
r-release-macos-arm64 | 0.3.0 | 31.00 | OK | |||
r-release-macos-x86_64 | 0.3.0 | 42.00 | OK | |||
r-release-windows-x86_64 | 0.3.0 | 5.00 | 54.00 | 59.00 | OK | |
r-oldrel-macos-arm64 | 0.3.0 | 30.00 | OK | |||
r-oldrel-macos-x86_64 | 0.3.0 | 49.00 | OK | |||
r-oldrel-windows-x86_64 | 0.3.0 | 6.00 | 57.00 | 63.00 | OK |
Version: 0.3.0
Check: Rd cross-references
Result: NOTE
Undeclared package ‘tibble’ in Rd xrefs
Flavor: r-devel-linux-x86_64-fedora-clang