Last updated on 2024-07-18 09:52:22 CEST.
Flavor | Version | Tinstall | Tcheck | Ttotal | Status | Flags |
---|---|---|---|---|---|---|
r-devel-linux-x86_64-debian-clang | 1.0.4 | 3.60 | 140.07 | 143.67 | OK | |
r-devel-linux-x86_64-debian-gcc | 1.0.4 | 2.66 | 129.22 | 131.88 | OK | |
r-devel-linux-x86_64-fedora-clang | 1.0.4 | 171.69 | NOTE | |||
r-devel-linux-x86_64-fedora-gcc | 1.0.4 | 201.50 | NOTE | |||
r-devel-windows-x86_64 | 1.0.4 | 5.00 | 221.00 | 226.00 | OK | |
r-patched-linux-x86_64 | 1.0.4 | 3.91 | 138.38 | 142.29 | OK | |
r-release-linux-x86_64 | 1.0.4 | 3.42 | 138.53 | 141.95 | OK | |
r-release-macos-arm64 | 1.0.4 | 88.00 | OK | |||
r-release-macos-x86_64 | 1.0.4 | 111.00 | OK | |||
r-release-windows-x86_64 | 1.0.4 | 4.00 | 213.00 | 217.00 | OK | |
r-oldrel-macos-arm64 | 1.0.4 | 98.00 | OK | |||
r-oldrel-macos-x86_64 | 1.0.4 | 217.00 | OK | |||
r-oldrel-windows-x86_64 | 1.0.4 | 5.00 | 214.00 | 219.00 | OK |
Version: 1.0.4
Check: data for non-ASCII characters
Result: NOTE
Note: found 4 marked UTF-8 strings
Flavors: r-devel-linux-x86_64-fedora-clang, r-devel-linux-x86_64-fedora-gcc