Last updated on 2024-07-18 09:52:22 CEST.
Flavor | Version | Tinstall | Tcheck | Ttotal | Status | Flags |
---|---|---|---|---|---|---|
r-devel-linux-x86_64-debian-clang | 1.0.5 | 37.46 | 466.81 | 504.27 | OK | |
r-devel-linux-x86_64-debian-gcc | 1.0.5 | 30.68 | 355.17 | 385.85 | OK | |
r-devel-linux-x86_64-fedora-clang | 1.0.5 | 667.92 | NOTE | |||
r-devel-linux-x86_64-fedora-gcc | 1.0.5 | 635.60 | OK | |||
r-devel-windows-x86_64 | 1.0.5 | 35.00 | 607.00 | 642.00 | NOTE | |
r-patched-linux-x86_64 | 1.0.5 | 46.47 | 458.31 | 504.78 | OK | |
r-release-linux-x86_64 | 1.0.5 | 32.98 | 457.57 | 490.55 | OK | |
r-release-macos-arm64 | 1.0.5 | 136.00 | OK | |||
r-release-macos-x86_64 | 1.0.5 | 244.00 | OK | |||
r-release-windows-x86_64 | 1.0.5 | 31.00 | 599.00 | 630.00 | OK | |
r-oldrel-macos-arm64 | 1.0.5 | 160.00 | OK | |||
r-oldrel-macos-x86_64 | 1.0.5 | 281.00 | OK | |||
r-oldrel-windows-x86_64 | 1.0.5 | 42.00 | 665.00 | 707.00 | OK |
Version: 1.0.5
Check: package dependencies
Result: NOTE
Imports includes 31 non-default packages.
Importing from so many packages makes the package vulnerable to any of
them becoming unavailable. Move as many as possible to Suggests and
use conditionally.
Flavor: r-devel-linux-x86_64-fedora-clang
Version: 1.0.5
Check: Rd cross-references
Result: NOTE
Found the following Rd file(s) with Rd \link{} targets missing package
anchors:
engr_survey_batch.Rd: sf
maxmre.Rd: rmse
mre.Rd: rmse
Please provide package anchors for all Rd \link{} targets not in the
package itself and the base packages.
Flavor: r-devel-windows-x86_64