Last updated on 2024-07-18 09:52:22 CEST.
Flavor | Version | Tinstall | Tcheck | Ttotal | Status | Flags |
---|---|---|---|---|---|---|
r-devel-linux-x86_64-debian-clang | 0.3.3 | 7.95 | 79.34 | 87.29 | OK | |
r-devel-linux-x86_64-debian-gcc | 0.3.3 | 5.67 | 58.51 | 64.18 | OK | |
r-devel-linux-x86_64-fedora-clang | 0.3.3 | 111.30 | NOTE | |||
r-devel-linux-x86_64-fedora-gcc | 0.3.3 | 113.77 | NOTE | |||
r-devel-windows-x86_64 | 0.3.3 | 8.00 | 75.00 | 83.00 | OK | |
r-patched-linux-x86_64 | 0.3.3 | 6.86 | 75.18 | 82.04 | OK | |
r-release-linux-x86_64 | 0.3.3 | 6.77 | 73.69 | 80.46 | OK | |
r-release-macos-arm64 | 0.3.3 | 38.00 | OK | |||
r-release-macos-x86_64 | 0.3.3 | 58.00 | OK | |||
r-release-windows-x86_64 | 0.3.3 | 8.00 | 77.00 | 85.00 | OK | |
r-oldrel-macos-arm64 | 0.3.3 | 40.00 | OK | |||
r-oldrel-macos-x86_64 | 0.3.3 | 59.00 | OK | |||
r-oldrel-windows-x86_64 | 0.3.3 | 10.00 | 86.00 | 96.00 | OK |
Version: 0.3.3
Check: dependencies in R code
Result: NOTE
Namespaces in Imports field not imported from:
‘kableExtra’ ‘knitr’ ‘xtable’
All declared Imports should be used.
Flavors: r-devel-linux-x86_64-fedora-clang, r-devel-linux-x86_64-fedora-gcc