Last updated on 2024-07-18 09:52:23 CEST.
Flavor | Version | Tinstall | Tcheck | Ttotal | Status | Flags |
---|---|---|---|---|---|---|
r-devel-linux-x86_64-debian-clang | 0.2.0 | 7.29 | 122.90 | 130.19 | OK | |
r-devel-linux-x86_64-debian-gcc | 0.2.0 | 6.75 | 86.68 | 93.43 | OK | |
r-devel-linux-x86_64-fedora-clang | 0.2.0 | 175.00 | NOTE | |||
r-devel-linux-x86_64-fedora-gcc | 0.2.0 | 173.65 | NOTE | |||
r-devel-windows-x86_64 | 0.2.0 | 9.00 | 96.00 | 105.00 | OK | |
r-patched-linux-x86_64 | 0.2.0 | 7.21 | 120.95 | 128.16 | OK | |
r-release-linux-x86_64 | 0.2.0 | 7.28 | 121.77 | 129.05 | OK | |
r-release-macos-arm64 | 0.2.0 | 50.00 | OK | |||
r-release-macos-x86_64 | 0.2.0 | 86.00 | OK | |||
r-release-windows-x86_64 | 0.2.0 | 9.00 | 97.00 | 106.00 | OK | |
r-oldrel-macos-arm64 | 0.2.0 | 62.00 | OK | |||
r-oldrel-macos-x86_64 | 0.2.0 | 179.00 | OK | |||
r-oldrel-windows-x86_64 | 0.2.0 | 8.00 | 116.00 | 124.00 | OK |
Version: 0.2.0
Check: data for non-ASCII characters
Result: NOTE
Note: found 160 marked UTF-8 strings
Flavors: r-devel-linux-x86_64-fedora-clang, r-devel-linux-x86_64-fedora-gcc