Last updated on 2024-07-18 09:52:23 CEST.
Flavor | Version | Tinstall | Tcheck | Ttotal | Status | Flags |
---|---|---|---|---|---|---|
r-devel-linux-x86_64-debian-clang | 0.9.1 | 71.81 | 385.82 | 457.63 | OK | |
r-devel-linux-x86_64-debian-gcc | 0.9.1 | 57.43 | 307.98 | 365.41 | OK | |
r-devel-linux-x86_64-fedora-clang | 0.9.1 | 636.87 | NOTE | |||
r-devel-linux-x86_64-fedora-gcc | 0.9.1 | 581.18 | OK | |||
r-devel-windows-x86_64 | 0.9.1 | 69.00 | 318.00 | 387.00 | NOTE | |
r-patched-linux-x86_64 | 0.9.1 | 80.02 | 394.44 | 474.46 | OK | |
r-release-linux-x86_64 | 0.9.1 | 71.39 | 399.33 | 470.72 | OK | |
r-release-macos-arm64 | 0.9.1 | 166.00 | NOTE | |||
r-release-macos-x86_64 | 0.9.1 | 233.00 | NOTE | |||
r-release-windows-x86_64 | 0.9.1 | 67.00 | 315.00 | 382.00 | NOTE | |
r-oldrel-macos-arm64 | 0.9.1 | 124.00 | NOTE | |||
r-oldrel-macos-x86_64 | 0.9.1 | 213.00 | NOTE | |||
r-oldrel-windows-x86_64 | 0.9.1 | 88.00 | 417.00 | 505.00 | NOTE |
Version: 0.9.1
Check: package dependencies
Result: NOTE
Imports includes 38 non-default packages.
Importing from so many packages makes the package vulnerable to any of
them becoming unavailable. Move as many as possible to Suggests and
use conditionally.
Flavor: r-devel-linux-x86_64-fedora-clang
Version: 0.9.1
Check: installed package size
Result: NOTE
installed size is 6.6Mb
sub-directories of 1Mb or more:
data 3.3Mb
doc 1.6Mb
Flavors: r-devel-linux-x86_64-fedora-clang, r-devel-windows-x86_64, r-release-macos-arm64, r-release-macos-x86_64, r-release-windows-x86_64, r-oldrel-macos-arm64, r-oldrel-macos-x86_64, r-oldrel-windows-x86_64
Version: 0.9.1
Check: Rd cross-references
Result: NOTE
Found the following Rd file(s) with Rd \link{} targets missing package
anchors:
coding.Rd: data.table, copy_to
dbAnnotate.Rd: data.table, copy_to
geneUsage.Rd: data.table, copy_to
getKmers.Rd: data.table, copy_to
immunr_hclust.Rd: fviz_nbclust, hcut, dbscan
immunr_pca.Rd: isoMDS, Rtsne
inc_overlap.Rd: data.table, copy_to
pubRep.Rd: data.table, copy_to
repAlignLineage.Rd: data.table
repClonality.Rd: data.table, copy_to
repDiversity.Rd: data.table, copy_to
repExplore.Rd: data.table, copy_to
repGermline.Rd: data.table
repOverlap.Rd: data.table, copy_to
repSample.Rd: data.table, copy_to
select_barcodes.Rd: data.table, copy_to
seqCluster.Rd: data.table
seqDist.Rd: data.table
spectratype.Rd: data.table, copy_to
top.Rd: data.table, copy_to
trackClonotypes.Rd: data.table, copy_to
vis.immunr_gene_usage.Rd: chordDiagram
vis.immunr_hclust.Rd: fviz_dend
vis.immunr_kmeans.Rd: fviz_cluster
vis.immunr_ov_matrix.Rd: chordDiagram
vis.immunr_public_statistics.Rd: upset
vis_box.Rd: melt
vis_circos.Rd: chordDiagram
vis_hist.Rd: melt
vis_textlogo.Rd: geom_logo
Please provide package anchors for all Rd \link{} targets not in the
package itself and the base packages.
Flavor: r-devel-windows-x86_64