Last updated on 2024-07-18 09:52:24 CEST.
Flavor | Version | Tinstall | Tcheck | Ttotal | Status | Flags |
---|---|---|---|---|---|---|
r-devel-linux-x86_64-debian-clang | 2.11.1 | 34.55 | 296.16 | 330.71 | NOTE | |
r-devel-linux-x86_64-debian-gcc | 2.11.1 | 23.78 | 215.54 | 239.32 | NOTE | |
r-devel-linux-x86_64-fedora-clang | 2.11.1 | 443.02 | OK | |||
r-devel-linux-x86_64-fedora-gcc | 2.11.1 | 440.62 | OK | |||
r-devel-windows-x86_64 | 2.11.1 | 26.00 | 233.00 | 259.00 | OK | |
r-patched-linux-x86_64 | 2.11.1 | 32.35 | 281.47 | 313.82 | NOTE | |
r-release-linux-x86_64 | 2.11.1 | 24.53 | 276.51 | 301.04 | NOTE | |
r-release-macos-arm64 | 2.11.1 | 125.00 | NOTE | |||
r-release-macos-x86_64 | 2.11.1 | 304.00 | NOTE | |||
r-release-windows-x86_64 | 2.11.1 | 25.00 | 237.00 | 262.00 | OK | |
r-oldrel-macos-arm64 | 2.11.1 | 136.00 | NOTE | |||
r-oldrel-macos-x86_64 | 2.11.1 | 220.00 | NOTE | |||
r-oldrel-windows-x86_64 | 2.11.1 | 35.00 | 300.00 | 335.00 | NOTE |
Version: 2.11.1
Check: package dependencies
Result: NOTE
Package suggested but not available for checking: ‘INLA’
Flavors: r-devel-linux-x86_64-debian-clang, r-devel-linux-x86_64-debian-gcc, r-patched-linux-x86_64, r-release-linux-x86_64, r-release-macos-arm64, r-release-macos-x86_64, r-oldrel-macos-arm64, r-oldrel-macos-x86_64, r-oldrel-windows-x86_64