Last updated on 2024-07-01 04:48:36 CEST.
Flavor | Version | Tinstall | Tcheck | Ttotal | Status | Flags |
---|---|---|---|---|---|---|
r-devel-linux-x86_64-debian-clang | 0.1.2 | 1.88 | 30.50 | 32.38 | OK | |
r-devel-linux-x86_64-debian-gcc | 0.1.2 | 1.83 | 22.77 | 24.60 | OK | |
r-devel-linux-x86_64-fedora-clang | 0.1.2 | 42.28 | NOTE | |||
r-devel-linux-x86_64-fedora-gcc | 0.1.2 | 40.63 | OK | |||
r-devel-windows-x86_64 | 0.1.2 | 4.00 | 44.00 | 48.00 | OK | |
r-patched-linux-x86_64 | 0.1.2 | 1.94 | 29.15 | 31.09 | OK | |
r-release-linux-x86_64 | 0.1.2 | 1.67 | 28.63 | 30.30 | OK | |
r-release-macos-arm64 | 0.1.2 | 16.00 | OK | |||
r-release-macos-x86_64 | 0.1.2 | 25.00 | OK | |||
r-release-windows-x86_64 | 0.1.2 | 4.00 | 44.00 | 48.00 | OK | |
r-oldrel-macos-arm64 | 0.1.2 | 22.00 | OK | |||
r-oldrel-macos-x86_64 | 0.1.2 | 33.00 | OK | |||
r-oldrel-windows-x86_64 | 0.1.2 | 4.00 | 47.00 | 51.00 | OK |
Version: 0.1.2
Check: Rd cross-references
Result: NOTE
Undeclared package ‘Rcpp’ in Rd xrefs
Flavor: r-devel-linux-x86_64-fedora-clang