Last updated on 2024-07-18 09:52:25 CEST.
Flavor | Version | Tinstall | Tcheck | Ttotal | Status | Flags |
---|---|---|---|---|---|---|
r-devel-linux-x86_64-debian-clang | 0.2.1 | 12.05 | 214.95 | 227.00 | NOTE | |
r-devel-linux-x86_64-debian-gcc | 0.2.1 | 10.10 | 163.54 | 173.64 | NOTE | |
r-devel-linux-x86_64-fedora-clang | 0.2.1 | 295.24 | NOTE | |||
r-devel-linux-x86_64-fedora-gcc | 0.2.1 | 280.70 | NOTE | |||
r-devel-windows-x86_64 | 0.2.1 | 12.00 | 177.00 | 189.00 | NOTE | |
r-patched-linux-x86_64 | 0.2.1 | 9.22 | 207.79 | 217.01 | NOTE | |
r-release-linux-x86_64 | 0.2.1 | 7.54 | 211.92 | 219.46 | NOTE | |
r-release-macos-arm64 | 0.2.1 | 82.00 | NOTE | |||
r-release-macos-x86_64 | 0.2.1 | 122.00 | NOTE | |||
r-release-windows-x86_64 | 0.2.1 | 12.00 | 176.00 | 188.00 | NOTE | |
r-oldrel-macos-arm64 | 0.2.1 | 105.00 | NOTE | |||
r-oldrel-macos-x86_64 | 0.2.1 | 184.00 | NOTE | |||
r-oldrel-windows-x86_64 | 0.2.1 | 17.00 | 228.00 | 245.00 | NOTE |
Version: 0.2.1
Check: Rd files
Result: NOTE
checkRd: (-1) ir_to_transmittance.Rd:49: Escaped LaTeX specials: \&
Flavors: r-devel-linux-x86_64-debian-clang, r-devel-linux-x86_64-debian-gcc, r-devel-linux-x86_64-fedora-clang, r-devel-linux-x86_64-fedora-gcc, r-devel-windows-x86_64, r-patched-linux-x86_64, r-release-linux-x86_64, r-release-macos-arm64, r-release-macos-x86_64, r-release-windows-x86_64, r-oldrel-macos-arm64, r-oldrel-macos-x86_64, r-oldrel-windows-x86_64