Last updated on 2024-07-18 09:52:25 CEST.
Flavor | Version | Tinstall | Tcheck | Ttotal | Status | Flags |
---|---|---|---|---|---|---|
r-devel-linux-x86_64-debian-clang | 0.2.9 | 237.66 | 228.53 | 466.19 | OK | |
r-devel-linux-x86_64-debian-gcc | 0.2.9 | 165.13 | 162.71 | 327.84 | OK | |
r-devel-linux-x86_64-fedora-clang | 0.2.9 | 654.21 | OK | |||
r-devel-linux-x86_64-fedora-gcc | 0.2.9 | 692.00 | OK | |||
r-devel-windows-x86_64 | 0.2.9 | 180.00 | 201.00 | 381.00 | OK | |
r-patched-linux-x86_64 | 0.2.9 | 213.53 | 219.60 | 433.13 | OK | |
r-release-linux-x86_64 | 0.2.9 | 211.54 | 222.45 | 433.99 | OK | |
r-release-macos-arm64 | 0.2.9 | 117.00 | NOTE | |||
r-release-macos-x86_64 | 0.2.9 | 160.00 | NOTE | |||
r-release-windows-x86_64 | 0.2.9 | 186.00 | 205.00 | 391.00 | OK | |
r-oldrel-macos-arm64 | 0.2.9 | 138.00 | NOTE | |||
r-oldrel-macos-x86_64 | 0.2.9 | 325.00 | NOTE | |||
r-oldrel-windows-x86_64 | 0.2.9 | 170.00 | 261.00 | 431.00 | OK |
Version: 0.2.9
Check: installed package size
Result: NOTE
installed size is 9.8Mb
sub-directories of 1Mb or more:
libs 8.1Mb
Flavors: r-release-macos-arm64, r-release-macos-x86_64, r-oldrel-macos-arm64, r-oldrel-macos-x86_64