Last updated on 2024-07-18 09:52:25 CEST.
Flavor | Version | Tinstall | Tcheck | Ttotal | Status | Flags |
---|---|---|---|---|---|---|
r-devel-linux-x86_64-debian-clang | 0.6.1-1 | 205.74 | 71.22 | 276.96 | OK | |
r-devel-linux-x86_64-debian-gcc | 0.6.1-1 | 150.19 | 48.89 | 199.08 | OK | |
r-devel-linux-x86_64-fedora-clang | 0.6.1-1 | 312.78 | OK | |||
r-devel-linux-x86_64-fedora-gcc | 0.6.1-1 | 434.35 | OK | |||
r-devel-windows-x86_64 | 0.6.1-1 | 134.00 | 95.00 | 229.00 | OK | |
r-patched-linux-x86_64 | 0.6.1-1 | 198.68 | 67.81 | 266.49 | OK | |
r-release-linux-x86_64 | 0.6.1-1 | 191.47 | 69.17 | 260.64 | OK | |
r-release-macos-arm64 | 0.6.1-1 | 73.00 | NOTE | |||
r-release-macos-x86_64 | 0.6.1-1 | 95.00 | NOTE | |||
r-release-windows-x86_64 | 0.6.1-1 | 140.00 | 95.00 | 235.00 | OK | |
r-oldrel-macos-arm64 | 0.6.1-1 | 96.00 | NOTE | |||
r-oldrel-macos-x86_64 | 0.6.1-1 | 224.00 | NOTE | |||
r-oldrel-windows-x86_64 | 0.6.1-1 | 128.00 | 109.00 | 237.00 | OK |
Version: 0.6.1-1
Check: installed package size
Result: NOTE
installed size is 15.3Mb
sub-directories of 1Mb or more:
doc 1.6Mb
libs 13.4Mb
Flavors: r-release-macos-arm64, r-release-macos-x86_64, r-oldrel-macos-arm64, r-oldrel-macos-x86_64