Last updated on 2024-07-18 09:52:25 CEST.
Flavor | Version | Tinstall | Tcheck | Ttotal | Status | Flags |
---|---|---|---|---|---|---|
r-devel-linux-x86_64-debian-clang | 0.1.1 | 2.70 | 314.82 | 317.52 | ERROR | |
r-devel-linux-x86_64-debian-gcc | 0.1.2 | 2.90 | 219.71 | 222.61 | OK | |
r-devel-linux-x86_64-fedora-clang | 0.1.2 | 223.51 | OK | |||
r-devel-linux-x86_64-fedora-gcc | 0.1.2 | 377.17 | OK | |||
r-devel-windows-x86_64 | 0.1.2 | 5.00 | 238.00 | 243.00 | OK | |
r-patched-linux-x86_64 | 0.1.1 | 4.04 | 302.88 | 306.92 | OK | |
r-release-linux-x86_64 | 0.1.1 | 3.57 | 294.91 | 298.48 | OK | |
r-release-macos-arm64 | 0.1.2 | 113.00 | OK | |||
r-release-macos-x86_64 | 0.1.2 | 278.00 | OK | |||
r-release-windows-x86_64 | 0.1.2 | 5.00 | 232.00 | 237.00 | OK | |
r-oldrel-macos-arm64 | 0.1.2 | 139.00 | OK | |||
r-oldrel-macos-x86_64 | 0.1.2 | 282.00 | OK | |||
r-oldrel-windows-x86_64 | 0.1.1 | 6.00 | 310.00 | 316.00 | ERROR |
Version: 0.1.1
Check: tests
Result: ERROR
Running ‘testthat.R’ [274s/324s]
Running the tests in ‘tests/testthat.R’ failed.
Complete output:
> library(testthat)
> library(ivgets)
Loading required package: gets
Loading required package: zoo
Attaching package: 'zoo'
The following objects are masked from 'package:base':
as.Date, as.Date.numeric
Loading required package: parallel
Loading required package: ivreg
>
> test_check("ivgets")
[ FAIL 2 | WARN 0 | SKIP 6 | PASS 629 ]
══ Skipped tests (6) ═══════════════════════════════════════════════════════════
• On CRAN (6): 'test-base_iv.R:43:3', 'test-base_iv.R:267:3',
'test-getsiv.R:49:3', 'test-isativ.R:41:3', 'test-isativ.R:248:3',
'test-utility.R:531:3'
══ Failed tests ════════════════════════════════════════════════════════════════
── Failure ('test-getsiv_nosnap.R:85:3'): ivgets() produces correct output ─────
`... <- NULL` did not throw the expected warning.
── Failure ('test-getsiv_nosnap.R:88:3'): ivgets() produces correct output ─────
m7$final (`actual`) not identical to NULL (`expected`).
`actual` is an S3 object of class <ivreg>, a list
`expected` is NULL
[ FAIL 2 | WARN 0 | SKIP 6 | PASS 629 ]
Error: Test failures
Execution halted
Flavor: r-devel-linux-x86_64-debian-clang
Version: 0.1.1
Check: tests
Result: ERROR
Running 'testthat.R' [252s]
Running the tests in 'tests/testthat.R' failed.
Complete output:
> library(testthat)
> library(ivgets)
Loading required package: gets
Loading required package: zoo
Attaching package: 'zoo'
The following objects are masked from 'package:base':
as.Date, as.Date.numeric
Loading required package: parallel
Loading required package: ivreg
>
> test_check("ivgets")
[ FAIL 2 | WARN 0 | SKIP 6 | PASS 629 ]
══ Skipped tests (6) ═══════════════════════════════════════════════════════════
• On CRAN (6): 'test-base_iv.R:43:3', 'test-base_iv.R:267:3',
'test-getsiv.R:49:3', 'test-isativ.R:41:3', 'test-isativ.R:248:3',
'test-utility.R:531:3'
══ Failed tests ════════════════════════════════════════════════════════════════
── Failure ('test-getsiv_nosnap.R:85:3'): ivgets() produces correct output ─────
`... <- NULL` did not throw the expected warning.
── Failure ('test-getsiv_nosnap.R:88:3'): ivgets() produces correct output ─────
m7$final (`actual`) not identical to NULL (`expected`).
`actual` is an S3 object of class <ivreg>, a list
`expected` is NULL
[ FAIL 2 | WARN 0 | SKIP 6 | PASS 629 ]
Error: Test failures
Execution halted
Flavor: r-oldrel-windows-x86_64