Last updated on 2024-07-18 09:52:25 CEST.
Flavor | Version | Tinstall | Tcheck | Ttotal | Status | Flags |
---|---|---|---|---|---|---|
r-devel-linux-x86_64-debian-clang | 0.1.0 | 23.24 | 52.72 | 75.96 | NOTE | |
r-devel-linux-x86_64-debian-gcc | 0.1.0 | 15.28 | 40.22 | 55.50 | NOTE | |
r-devel-linux-x86_64-fedora-clang | 0.1.0 | 102.83 | NOTE | |||
r-devel-linux-x86_64-fedora-gcc | 0.1.0 | 95.07 | NOTE | |||
r-devel-windows-x86_64 | 0.1.0 | 21.00 | 76.00 | 97.00 | NOTE | |
r-patched-linux-x86_64 | 0.1.0 | 16.43 | 50.29 | 66.72 | NOTE | |
r-release-linux-x86_64 | 0.1.0 | 18.30 | 49.72 | 68.02 | NOTE | |
r-release-macos-arm64 | 0.1.0 | 29.00 | NOTE | |||
r-release-macos-x86_64 | 0.1.0 | 45.00 | NOTE | |||
r-release-windows-x86_64 | 0.1.0 | 22.00 | 77.00 | 99.00 | NOTE | |
r-oldrel-macos-arm64 | 0.1.0 | 32.00 | NOTE | |||
r-oldrel-macos-x86_64 | 0.1.0 | 51.00 | NOTE | |||
r-oldrel-windows-x86_64 | 0.1.0 | 26.00 | 92.00 | 118.00 | NOTE |
Version: 0.1.0
Check: C++ specification
Result: NOTE
Specified C++11: please drop specification unless essential
Flavors: r-devel-linux-x86_64-debian-clang, r-devel-linux-x86_64-debian-gcc, r-devel-linux-x86_64-fedora-clang, r-devel-linux-x86_64-fedora-gcc, r-devel-windows-x86_64, r-patched-linux-x86_64, r-release-linux-x86_64, r-release-macos-arm64, r-release-macos-x86_64, r-release-windows-x86_64, r-oldrel-macos-arm64, r-oldrel-macos-x86_64, r-oldrel-windows-x86_64
Version: 0.1.0
Check: Rd files
Result: NOTE
checkRd: (-1) jaccard.test.Rd:41: Lost braces; missing escapes or markup?
41 | The {bootstrap} method uses resampling with replacement binary vectors to compute a p-value (see optional arguments).
| ^
Flavors: r-devel-linux-x86_64-debian-clang, r-devel-linux-x86_64-debian-gcc, r-devel-linux-x86_64-fedora-clang, r-devel-linux-x86_64-fedora-gcc, r-devel-windows-x86_64, r-patched-linux-x86_64, r-release-linux-x86_64, r-release-macos-arm64, r-release-macos-x86_64, r-release-windows-x86_64
Version: 0.1.0
Check: LazyData
Result: NOTE
'LazyData' is specified without a 'data' directory
Flavors: r-devel-linux-x86_64-debian-clang, r-devel-linux-x86_64-debian-gcc, r-devel-linux-x86_64-fedora-clang, r-devel-linux-x86_64-fedora-gcc, r-devel-windows-x86_64, r-patched-linux-x86_64, r-release-linux-x86_64, r-release-macos-arm64, r-release-macos-x86_64, r-release-windows-x86_64, r-oldrel-macos-arm64, r-oldrel-macos-x86_64, r-oldrel-windows-x86_64
Version: 0.1.0
Check: dependencies in R code
Result: NOTE
Namespaces in Imports field not imported from:
‘Rcpp’ ‘dplyr’ ‘magrittr’
All declared Imports should be used.
Flavors: r-devel-linux-x86_64-fedora-clang, r-devel-linux-x86_64-fedora-gcc