CRAN Package Check Results for Package jacpop

Last updated on 2025-07-04 17:54:36 CEST.

Flavor Version Tinstall Tcheck Ttotal Status Flags
r-devel-linux-x86_64-debian-clang 0.6 1.58 17.32 18.90 NOTE
r-devel-linux-x86_64-debian-gcc 0.6 1.31 14.61 15.92 NOTE
r-devel-linux-x86_64-fedora-clang 0.6 29.88 OK
r-devel-linux-x86_64-fedora-gcc 0.6 25.76 OK
r-devel-windows-x86_64 0.6 2.00 35.00 37.00 OK
r-patched-linux-x86_64 0.6 1.64 16.56 18.20 OK
r-release-linux-x86_64 0.6 1.63 16.54 18.17 OK
r-release-macos-arm64 0.6 13.00 OK
r-release-macos-x86_64 0.6 22.00 OK
r-release-windows-x86_64 0.6 3.00 38.00 41.00 OK
r-oldrel-macos-arm64 0.6 13.00 NOTE
r-oldrel-macos-x86_64 0.6 19.00 NOTE
r-oldrel-windows-x86_64 0.6 3.00 33.00 36.00 NOTE

Check Details

Version: 0.6
Check: CRAN incoming feasibility
Result: NOTE Maintainer: ‘Dmitry Prokopenko <dmitry.prokopenko@uni-bonn.de>’ No Authors@R field in DESCRIPTION. Please add one, modifying Authors@R: person(given = "Dmitry", family = "Prokopenko", role = c("aut", "cre"), email = "dmitry.prokopenko@uni-bonn.de") as necessary. Flavors: r-devel-linux-x86_64-debian-clang, r-devel-linux-x86_64-debian-gcc

Version: 0.6
Check: LazyData
Result: NOTE 'LazyData' is specified without a 'data' directory Flavors: r-oldrel-macos-arm64, r-oldrel-macos-x86_64, r-oldrel-windows-x86_64