Last updated on 2024-07-18 09:52:26 CEST.
Flavor | Version | Tinstall | Tcheck | Ttotal | Status | Flags |
---|---|---|---|---|---|---|
r-devel-linux-x86_64-debian-clang | 1.2.1 | 108.65 | 757.80 | 866.45 | OK | |
r-devel-linux-x86_64-debian-gcc | 1.2.1 | 82.14 | 594.40 | 676.54 | OK | |
r-devel-linux-x86_64-fedora-clang | 1.2.1 | 1219.86 | OK | |||
r-devel-linux-x86_64-fedora-gcc | 1.2.1 | 1060.63 | OK | |||
r-devel-windows-x86_64 | 1.2.1 | 87.00 | 595.00 | 682.00 | NOTE | |
r-patched-linux-x86_64 | 1.2.1 | 109.68 | 792.66 | 902.34 | OK | |
r-release-linux-x86_64 | 1.2.1 | 101.31 | 776.02 | 877.33 | OK | |
r-release-macos-arm64 | 1.2.1 | 300.00 | OK | |||
r-release-macos-x86_64 | 1.2.1 | 475.00 | OK | |||
r-release-windows-x86_64 | 1.2.1 | 89.00 | 597.00 | 686.00 | OK | |
r-oldrel-macos-arm64 | 1.2.1 | 180.00 | OK | |||
r-oldrel-macos-x86_64 | 1.2.1 | 353.00 | OK | |||
r-oldrel-windows-x86_64 | 1.2.1 | 108.00 | 733.00 | 841.00 | OK |
Version: 1.2.1
Check: Rd cross-references
Result: NOTE
Found the following Rd file(s) with Rd \link{} targets missing package
anchors:
PlotSickleJrUMAP.Rd: ggplot2
Please provide package anchors for all Rd \link{} targets not in the
package itself and the base packages.
Flavor: r-devel-windows-x86_64