Last updated on 2024-07-18 09:52:26 CEST.
Flavor | Version | Tinstall | Tcheck | Ttotal | Status | Flags |
---|---|---|---|---|---|---|
r-devel-linux-x86_64-debian-clang | 0.1.1 | 7.61 | 102.49 | 110.10 | OK | |
r-devel-linux-x86_64-debian-gcc | 0.1.1 | 5.55 | 77.53 | 83.08 | OK | |
r-devel-linux-x86_64-fedora-clang | 0.1.1 | 142.04 | NOTE | |||
r-devel-linux-x86_64-fedora-gcc | 0.1.1 | 146.56 | NOTE | |||
r-devel-windows-x86_64 | 0.1.1 | 8.00 | 94.00 | 102.00 | OK | |
r-patched-linux-x86_64 | 0.1.1 | 7.70 | 100.07 | 107.77 | OK | |
r-release-linux-x86_64 | 0.1.1 | 4.36 | 98.62 | 102.98 | OK | |
r-release-macos-arm64 | 0.1.1 | 54.00 | OK | |||
r-release-macos-x86_64 | 0.1.1 | 87.00 | OK | |||
r-release-windows-x86_64 | 0.1.1 | 9.00 | 93.00 | 102.00 | OK | |
r-oldrel-macos-arm64 | 0.1.1 | 51.00 | OK | |||
r-oldrel-macos-x86_64 | 0.1.1 | 84.00 | OK | |||
r-oldrel-windows-x86_64 | 0.1.1 | 9.00 | 105.00 | 114.00 | OK |
Version: 0.1.1
Check: dependencies in R code
Result: NOTE
Namespace in Imports field not imported from: ‘gifski’
All declared Imports should be used.
Flavors: r-devel-linux-x86_64-fedora-clang, r-devel-linux-x86_64-fedora-gcc