Last updated on 2024-07-18 09:52:26 CEST.
Flavor | Version | Tinstall | Tcheck | Ttotal | Status | Flags |
---|---|---|---|---|---|---|
r-devel-linux-x86_64-debian-clang | 1.1.0 | 8.83 | 91.66 | 100.49 | NOTE | |
r-devel-linux-x86_64-debian-gcc | 1.1.0 | 7.13 | 66.54 | 73.67 | NOTE | |
r-devel-linux-x86_64-fedora-clang | 1.1.0 | 127.06 | NOTE | |||
r-devel-linux-x86_64-fedora-gcc | 1.1.0 | 132.10 | NOTE | |||
r-devel-windows-x86_64 | 1.1.0 | 9.00 | 80.00 | 89.00 | NOTE | |
r-patched-linux-x86_64 | 1.1.0 | 13.91 | 86.31 | 100.22 | NOTE | |
r-release-linux-x86_64 | 1.1.0 | 9.32 | 86.00 | 95.32 | NOTE | |
r-release-macos-arm64 | 1.1.0 | 42.00 | NOTE | |||
r-release-macos-x86_64 | 1.1.0 | 62.00 | NOTE | |||
r-release-windows-x86_64 | 1.1.0 | 9.00 | 80.00 | 89.00 | NOTE | |
r-oldrel-macos-arm64 | 1.1.0 | 44.00 | NOTE | |||
r-oldrel-macos-x86_64 | 1.1.0 | 67.00 | NOTE | |||
r-oldrel-windows-x86_64 | 1.1.0 | 12.00 | 97.00 | 109.00 | NOTE |
Version: 1.1.0
Check: LazyData
Result: NOTE
'LazyData' is specified without a 'data' directory
Flavors: r-devel-linux-x86_64-debian-clang, r-devel-linux-x86_64-debian-gcc, r-devel-linux-x86_64-fedora-clang, r-devel-linux-x86_64-fedora-gcc, r-devel-windows-x86_64, r-patched-linux-x86_64, r-release-linux-x86_64, r-release-macos-arm64, r-release-macos-x86_64, r-release-windows-x86_64, r-oldrel-macos-arm64, r-oldrel-macos-x86_64, r-oldrel-windows-x86_64
Version: 1.1.0
Check: dependencies in R code
Result: NOTE
Namespaces in Imports field not imported from:
‘EQL’ ‘univariateML’
All declared Imports should be used.
Flavors: r-devel-linux-x86_64-fedora-clang, r-devel-linux-x86_64-fedora-gcc
Version: 1.1.0
Check: Rd cross-references
Result: NOTE
Found the following Rd file(s) with Rd \link{} targets missing package
anchors:
parametric_starts.Rd: univariateML
Please provide package anchors for all Rd \link{} targets not in the
package itself and the base packages.
Flavor: r-devel-windows-x86_64