Last updated on 2024-07-18 09:52:26 CEST.
Flavor | Version | Tinstall | Tcheck | Ttotal | Status | Flags |
---|---|---|---|---|---|---|
r-devel-linux-x86_64-debian-clang | 1.0.0 | 43.50 | 820.64 | 864.14 | OK | |
r-devel-linux-x86_64-debian-gcc | 1.0.0 | 35.62 | 596.17 | 631.79 | OK | |
r-devel-linux-x86_64-fedora-clang | 1.1.0 | 1114.60 | NOTE | |||
r-devel-linux-x86_64-fedora-gcc | 1.1.0 | 1122.56 | OK | |||
r-devel-windows-x86_64 | 1.1.0 | 46.00 | 708.00 | 754.00 | NOTE | |
r-patched-linux-x86_64 | 1.0.0 | 183.68 | 791.78 | 975.46 | OK | |
r-release-linux-x86_64 | 1.0.0 | 42.25 | 782.71 | 824.96 | OK | |
r-release-macos-arm64 | 1.1.0 | 271.00 | NOTE | |||
r-release-macos-x86_64 | 1.1.0 | 788.00 | NOTE | |||
r-release-windows-x86_64 | 1.0.0 | 44.00 | 714.00 | 758.00 | NOTE | |
r-oldrel-macos-arm64 | 1.1.0 | 284.00 | NOTE | |||
r-oldrel-macos-x86_64 | 1.1.0 | 510.00 | NOTE | |||
r-oldrel-windows-x86_64 | 1.0.0 | 58.00 | 904.00 | 962.00 | NOTE |
Version: 1.1.0
Check: installed package size
Result: NOTE
installed size is 12.3Mb
sub-directories of 1Mb or more:
doc 3.3Mb
help 8.2Mb
Flavors: r-devel-linux-x86_64-fedora-clang, r-devel-windows-x86_64, r-release-macos-arm64, r-release-macos-x86_64, r-oldrel-macos-arm64, r-oldrel-macos-x86_64
Version: 1.0.0
Check: installed package size
Result: NOTE
installed size is 12.0Mb
sub-directories of 1Mb or more:
doc 3.3Mb
help 7.9Mb
Flavors: r-release-windows-x86_64, r-oldrel-windows-x86_64