Last updated on 2024-07-18 09:52:26 CEST.
Flavor | Version | Tinstall | Tcheck | Ttotal | Status | Flags |
---|---|---|---|---|---|---|
r-devel-linux-x86_64-debian-clang | 0.5.7 | 18.01 | 122.70 | 140.71 | OK | |
r-devel-linux-x86_64-debian-gcc | 0.5.7 | 13.10 | 87.34 | 100.44 | OK | |
r-devel-linux-x86_64-fedora-clang | 0.5.7 | 182.83 | OK | |||
r-devel-linux-x86_64-fedora-gcc | 0.5.7 | 164.57 | OK | |||
r-devel-windows-x86_64 | 0.5.7 | 23.00 | 123.00 | 146.00 | NOTE | |
r-patched-linux-x86_64 | 0.5.7 | 14.56 | 116.27 | 130.83 | OK | |
r-release-linux-x86_64 | 0.5.7 | 11.50 | 116.68 | 128.18 | OK | |
r-release-macos-arm64 | 0.5.7 | 44.00 | OK | |||
r-release-macos-x86_64 | 0.5.7 | 67.00 | OK | |||
r-release-windows-x86_64 | 0.5.7 | 25.00 | 122.00 | 147.00 | OK | |
r-oldrel-macos-arm64 | 0.5.7 | 53.00 | OK | |||
r-oldrel-macos-x86_64 | 0.5.7 | 133.00 | OK | |||
r-oldrel-windows-x86_64 | 0.5.7 | 30.00 | 148.00 | 178.00 | OK |
Version: 0.5.7
Check: Rd cross-references
Result: NOTE
Found the following Rd file(s) with Rd \link{} targets missing package
anchors:
simulate.covAll.Rd: mvrnorm
Please provide package anchors for all Rd \link{} targets not in the
package itself and the base packages.
Flavor: r-devel-windows-x86_64