Last updated on 2024-07-18 09:52:26 CEST.
Flavor | Version | Tinstall | Tcheck | Ttotal | Status | Flags |
---|---|---|---|---|---|---|
r-devel-linux-x86_64-debian-clang | 0.2.3 | 3.55 | 34.72 | 38.27 | OK | |
r-devel-linux-x86_64-debian-gcc | 0.2.3 | 2.45 | 25.97 | 28.42 | OK | |
r-devel-linux-x86_64-fedora-clang | 0.2.3 | 46.69 | OK | |||
r-devel-linux-x86_64-fedora-gcc | 0.2.3 | 43.99 | OK | |||
r-devel-windows-x86_64 | 0.2.3 | 4.00 | 63.00 | 67.00 | OK | |
r-patched-linux-x86_64 | 0.2.3 | 3.13 | 32.69 | 35.82 | OK | |
r-release-linux-x86_64 | 0.2.3 | 3.27 | 32.09 | 35.36 | ERROR | |
r-release-macos-arm64 | 0.2.3 | 65.00 | OK | |||
r-release-macos-x86_64 | 0.2.3 | 62.00 | OK | |||
r-release-windows-x86_64 | 0.2.3 | 4.00 | 62.00 | 66.00 | OK | |
r-oldrel-macos-arm64 | 0.2.3 | 62.00 | OK | |||
r-oldrel-macos-x86_64 | 0.2.3 | 65.00 | OK | |||
r-oldrel-windows-x86_64 | 0.2.3 | 4.00 | 66.00 | 70.00 | OK |
Version: 0.2.3
Check: tests
Result: ERROR
Running ‘testthat.R’ [4s/10s]
Running the tests in ‘tests/testthat.R’ failed.
Complete output:
> library(testthat)
> library(klassR)
>
> test_check("klassR")
[ FAIL 1 | WARN 0 | SKIP 0 | PASS 25 ]
══ Failed tests ════════════════════════════════════════════════════════════════
── Error ('test_GetKlass.R:16:3'): GetKlass returns a correspondence table ─────
Error in `klass_data[, c("sourceCode", "sourceName", "targetCode", "targetName")]`: incorrect number of dimensions
Backtrace:
▆
1. └─klassR::GetKlass(klass = 104, correspond = 131, date = "2015-01-01") at test_GetKlass.R:16:3
[ FAIL 1 | WARN 0 | SKIP 0 | PASS 25 ]
Error: Test failures
Execution halted
Flavor: r-release-linux-x86_64