Last updated on 2024-07-18 09:52:26 CEST.
Flavor | Version | Tinstall | Tcheck | Ttotal | Status | Flags |
---|---|---|---|---|---|---|
r-devel-linux-x86_64-debian-clang | 0.9.0 | 2.31 | 25.32 | 27.63 | NOTE | |
r-devel-linux-x86_64-debian-gcc | 0.9.0 | 1.76 | 20.06 | 21.82 | NOTE | |
r-devel-linux-x86_64-fedora-clang | 0.9.0 | 37.23 | NOTE | |||
r-devel-linux-x86_64-fedora-gcc | 0.9.0 | 58.50 | NOTE | |||
r-devel-windows-x86_64 | 0.9.0 | 3.00 | 43.00 | 46.00 | NOTE | |
r-patched-linux-x86_64 | 0.9.0 | 2.11 | 24.96 | 27.07 | NOTE | |
r-release-linux-x86_64 | 0.9.0 | 1.87 | 24.90 | 26.77 | NOTE | |
r-release-macos-arm64 | 0.9.0 | 27.00 | NOTE | |||
r-release-macos-x86_64 | 0.9.0 | 59.00 | NOTE | |||
r-release-windows-x86_64 | 0.9.0 | 3.00 | 44.00 | 47.00 | NOTE | |
r-oldrel-macos-arm64 | 0.9.0 | 27.00 | NOTE | |||
r-oldrel-macos-x86_64 | 0.9.0 | 41.00 | NOTE | |||
r-oldrel-windows-x86_64 | 0.9.0 | 3.00 | 43.00 | 46.00 | NOTE |
Version: 0.9.0
Check: LazyData
Result: NOTE
'LazyData' is specified without a 'data' directory
Flavors: r-devel-linux-x86_64-debian-clang, r-devel-linux-x86_64-debian-gcc, r-devel-linux-x86_64-fedora-clang, r-devel-linux-x86_64-fedora-gcc, r-devel-windows-x86_64, r-patched-linux-x86_64, r-release-linux-x86_64, r-release-macos-arm64, r-release-macos-x86_64, r-release-windows-x86_64, r-oldrel-macos-arm64, r-oldrel-macos-x86_64, r-oldrel-windows-x86_64