Last updated on 2024-07-18 09:52:26 CEST.
Flavor | Version | Tinstall | Tcheck | Ttotal | Status | Flags |
---|---|---|---|---|---|---|
r-devel-linux-x86_64-debian-clang | 1.0.3 | 4.49 | 64.65 | 69.14 | OK | |
r-devel-linux-x86_64-debian-gcc | 1.0.3 | 3.18 | 49.05 | 52.23 | OK | |
r-devel-linux-x86_64-fedora-clang | 1.0.3 | 86.96 | OK | |||
r-devel-linux-x86_64-fedora-gcc | 1.0.3 | 96.88 | OK | |||
r-devel-windows-x86_64 | 1.0.3 | 5.00 | 72.00 | 77.00 | NOTE | |
r-patched-linux-x86_64 | 1.0.3 | 7.39 | 60.44 | 67.83 | OK | |
r-release-linux-x86_64 | 1.0.3 | 2.99 | 59.92 | 62.91 | OK | |
r-release-macos-arm64 | 1.0.3 | 38.00 | OK | |||
r-release-macos-x86_64 | 1.0.3 | 51.00 | OK | |||
r-release-windows-x86_64 | 1.0.3 | 4.00 | 69.00 | 73.00 | OK | |
r-oldrel-macos-arm64 | 1.0.3 | 46.00 | OK | |||
r-oldrel-macos-x86_64 | 1.0.3 | 72.00 | OK | |||
r-oldrel-windows-x86_64 | 1.0.3 | 6.00 | 74.00 | 80.00 | OK |
Version: 1.0.3
Check: Rd cross-references
Result: NOTE
Found the following Rd file(s) with Rd \link{} targets missing package
anchors:
knit_bootstrap_md.Rd: knit
Please provide package anchors for all Rd \link{} targets not in the
package itself and the base packages.
Flavor: r-devel-windows-x86_64