Last updated on 2024-07-18 09:52:26 CEST.
Flavor | Version | Tinstall | Tcheck | Ttotal | Status | Flags |
---|---|---|---|---|---|---|
r-devel-linux-x86_64-debian-clang | 1.1.0 | 3.05 | 34.56 | 37.61 | NOTE | |
r-devel-linux-x86_64-debian-gcc | 1.1.0 | 3.27 | 26.32 | 29.59 | NOTE | |
r-devel-linux-x86_64-fedora-clang | 1.1.0 | 52.20 | NOTE | |||
r-devel-linux-x86_64-fedora-gcc | 1.1.0 | 62.14 | NOTE | |||
r-devel-windows-x86_64 | 1.1.0 | 4.00 | 56.00 | 60.00 | NOTE | |
r-patched-linux-x86_64 | 1.1.0 | 4.67 | 33.23 | 37.90 | NOTE | |
r-release-linux-x86_64 | 1.1.0 | 4.45 | 33.80 | 38.25 | NOTE | |
r-release-macos-arm64 | 1.1.0 | 31.00 | NOTE | |||
r-release-macos-x86_64 | 1.1.0 | 45.00 | NOTE | |||
r-release-windows-x86_64 | 1.1.0 | 5.00 | 57.00 | 62.00 | NOTE | |
r-oldrel-macos-arm64 | 1.1.0 | 33.00 | NOTE | |||
r-oldrel-macos-x86_64 | 1.1.0 | 44.00 | NOTE | |||
r-oldrel-windows-x86_64 | 1.1.0 | 5.00 | 57.00 | 62.00 | NOTE |
Version: 1.1.0
Check: LazyData
Result: NOTE
'LazyData' is specified without a 'data' directory
Flavors: r-devel-linux-x86_64-debian-clang, r-devel-linux-x86_64-debian-gcc, r-devel-linux-x86_64-fedora-clang, r-devel-linux-x86_64-fedora-gcc, r-devel-windows-x86_64, r-patched-linux-x86_64, r-release-linux-x86_64, r-release-macos-arm64, r-release-macos-x86_64, r-release-windows-x86_64, r-oldrel-macos-arm64, r-oldrel-macos-x86_64, r-oldrel-windows-x86_64
Version: 1.1.0
Check: for non-standard things in the check directory
Result: NOTE
Found the following files/directories:
‘Killed after ’
Flavors: r-devel-linux-x86_64-debian-clang, r-devel-linux-x86_64-debian-gcc, r-devel-linux-x86_64-fedora-clang, r-devel-linux-x86_64-fedora-gcc, r-patched-linux-x86_64, r-release-linux-x86_64