Last updated on 2024-07-18 09:52:26 CEST.
Flavor | Version | Tinstall | Tcheck | Ttotal | Status | Flags |
---|---|---|---|---|---|---|
r-devel-linux-x86_64-debian-clang | 1.3.2 | 49.21 | 90.21 | 139.42 | OK | |
r-devel-linux-x86_64-debian-gcc | 1.3.2 | 29.14 | 56.71 | 85.85 | OK | |
r-devel-linux-x86_64-fedora-clang | 1.3.2 | 200.32 | NOTE | |||
r-devel-linux-x86_64-fedora-gcc | 1.3.2 | 195.16 | NOTE | |||
r-devel-windows-x86_64 | 1.3.2 | 50.00 | 119.00 | 169.00 | OK | |
r-patched-linux-x86_64 | 1.3.2 | 36.56 | 78.07 | 114.63 | OK | |
r-release-linux-x86_64 | 1.3.2 | 38.85 | 78.57 | 117.42 | OK | |
r-release-macos-arm64 | 1.3.2 | 56.00 | OK | |||
r-release-macos-x86_64 | 1.3.2 | 80.00 | OK | |||
r-release-windows-x86_64 | 1.3.2 | 49.00 | 123.00 | 172.00 | OK | |
r-oldrel-macos-arm64 | 1.3.2 | 65.00 | OK | |||
r-oldrel-macos-x86_64 | 1.3.2 | 130.00 | OK | |||
r-oldrel-windows-x86_64 | 1.3.2 | 58.00 | 141.00 | 199.00 | OK |
Version: 1.3.2
Check: compiled code
Result: NOTE
File ‘later/libs/later.so’:
Found non-API call to R: ‘R_InputHandlers’
Compiled code should not call non-API entry points in R.
See ‘Writing portable packages’ in the ‘Writing R Extensions’ manual,
and section ‘Moving into C API compliance’ for issues with the use of
non-API entry points.
Flavors: r-devel-linux-x86_64-fedora-clang, r-devel-linux-x86_64-fedora-gcc