Last updated on 2024-07-18 09:52:26 CEST.
Flavor | Version | Tinstall | Tcheck | Ttotal | Status | Flags |
---|---|---|---|---|---|---|
r-devel-linux-x86_64-debian-clang | 0.2.1 | 11.57 | 70.28 | 81.85 | NOTE | |
r-devel-linux-x86_64-debian-gcc | 0.2.1 | 7.46 | 52.28 | 59.74 | NOTE | |
r-devel-linux-x86_64-fedora-clang | 0.2.1 | 98.95 | NOTE | |||
r-devel-linux-x86_64-fedora-gcc | 0.2.1 | 91.24 | NOTE | |||
r-devel-windows-x86_64 | 0.2.1 | 11.00 | 73.00 | 84.00 | NOTE | |
r-patched-linux-x86_64 | 0.2.1 | 14.46 | 66.94 | 81.40 | NOTE | |
r-release-linux-x86_64 | 0.2.1 | 5.78 | 68.04 | 73.82 | NOTE | |
r-release-macos-arm64 | 0.2.1 | 31.00 | NOTE | |||
r-release-macos-x86_64 | 0.2.1 | 45.00 | NOTE | |||
r-release-windows-x86_64 | 0.2.1 | 11.00 | 72.00 | 83.00 | NOTE | |
r-oldrel-macos-arm64 | 0.2.1 | 31.00 | NOTE | |||
r-oldrel-macos-x86_64 | 0.2.1 | 49.00 | NOTE | |||
r-oldrel-windows-x86_64 | 0.2.1 | 12.00 | 86.00 | 98.00 | NOTE |
Version: 0.2.1
Check: LazyData
Result: NOTE
'LazyData' is specified without a 'data' directory
Flavors: r-devel-linux-x86_64-debian-clang, r-devel-linux-x86_64-debian-gcc, r-devel-linux-x86_64-fedora-clang, r-devel-linux-x86_64-fedora-gcc, r-devel-windows-x86_64, r-patched-linux-x86_64, r-release-linux-x86_64, r-release-macos-arm64, r-release-macos-x86_64, r-release-windows-x86_64, r-oldrel-macos-arm64, r-oldrel-macos-x86_64, r-oldrel-windows-x86_64
Version: 0.2.1
Check: Rd cross-references
Result: NOTE
Found the following Rd file(s) with Rd \link{} targets missing package
anchors:
latte-optim.Rd: mp
Please provide package anchors for all Rd \link{} targets not in the
package itself and the base packages.
Flavor: r-devel-windows-x86_64