Last updated on 2024-07-18 09:52:26 CEST.
Flavor | Version | Tinstall | Tcheck | Ttotal | Status | Flags |
---|---|---|---|---|---|---|
r-devel-linux-x86_64-debian-clang | 0.2.1 | 2.81 | 94.60 | 97.41 | OK | |
r-devel-linux-x86_64-debian-gcc | 0.2.1 | 2.60 | 71.14 | 73.74 | OK | |
r-devel-linux-x86_64-fedora-clang | 0.2.1 | 128.64 | OK | |||
r-devel-linux-x86_64-fedora-gcc | 0.2.1 | 131.03 | OK | |||
r-devel-windows-x86_64 | 0.2.1 | 5.00 | 90.00 | 95.00 | OK | |
r-patched-linux-x86_64 | 0.2.1 | 4.37 | 90.27 | 94.64 | OK | |
r-release-linux-x86_64 | 0.2.1 | 3.98 | 67.55 | 71.53 | NOTE | |
r-release-macos-arm64 | 0.2.1 | 50.00 | OK | |||
r-release-macos-x86_64 | 0.2.1 | 137.00 | OK | |||
r-release-windows-x86_64 | 0.2.1 | 4.00 | 93.00 | 97.00 | OK | |
r-oldrel-macos-arm64 | 0.2.1 | 77.00 | OK | |||
r-oldrel-macos-x86_64 | 0.2.1 | 93.00 | OK | |||
r-oldrel-windows-x86_64 | 0.2.1 | 5.00 | 108.00 | 113.00 | OK |
Version: 0.2.1
Check: package dependencies
Result: NOTE
Package suggested but not available for checking: ‘tidySEM’
Flavor: r-release-linux-x86_64