Last updated on 2024-07-18 09:52:27 CEST.
Flavor | Version | Tinstall | Tcheck | Ttotal | Status | Flags |
---|---|---|---|---|---|---|
r-devel-linux-x86_64-debian-clang | 2.2.2 | 6.98 | 90.44 | 97.42 | OK | |
r-devel-linux-x86_64-debian-gcc | 2.2.2 | 5.12 | 65.20 | 70.32 | OK | |
r-devel-linux-x86_64-fedora-clang | 2.2.2 | 125.47 | OK | |||
r-devel-linux-x86_64-fedora-gcc | 2.2.2 | 119.73 | OK | |||
r-devel-windows-x86_64 | 2.2.2 | 9.00 | 95.00 | 104.00 | NOTE | |
r-patched-linux-x86_64 | 2.2.2 | 11.71 | 85.78 | 97.49 | OK | |
r-release-linux-x86_64 | 2.2.2 | 7.96 | 85.71 | 93.67 | OK | |
r-release-macos-arm64 | 2.2.2 | 34.00 | OK | |||
r-release-macos-x86_64 | 2.2.2 | 57.00 | OK | |||
r-release-windows-x86_64 | 2.2.2 | 9.00 | 96.00 | 105.00 | OK | |
r-oldrel-macos-arm64 | 2.2.2 | 48.00 | OK | |||
r-oldrel-macos-x86_64 | 2.2.2 | 69.00 | OK | |||
r-oldrel-windows-x86_64 | 2.2.2 | 11.00 | 110.00 | 121.00 | OK |
Version: 2.2.2
Check: Rd cross-references
Result: NOTE
Found the following Rd file(s) with Rd \link{} targets missing package
anchors:
addRasterImage.Rd: projectRaster
gadmCHE.Rd: getData
Please provide package anchors for all Rd \link{} targets not in the
package itself and the base packages.
Flavor: r-devel-windows-x86_64