Last updated on 2024-07-18 09:52:27 CEST.
Flavor | Version | Tinstall | Tcheck | Ttotal | Status | Flags |
---|---|---|---|---|---|---|
r-devel-linux-x86_64-debian-clang | 1.0.1 | 3.75 | 75.72 | 79.47 | OK | |
r-devel-linux-x86_64-debian-gcc | 1.0.1 | 2.61 | 54.80 | 57.41 | OK | |
r-devel-linux-x86_64-fedora-clang | 1.0.1 | 99.43 | OK | |||
r-devel-linux-x86_64-fedora-gcc | 1.0.1 | 106.57 | OK | |||
r-devel-windows-x86_64 | 1.0.1 | 7.00 | 80.00 | 87.00 | NOTE | |
r-patched-linux-x86_64 | 1.0.1 | 6.60 | 72.51 | 79.11 | OK | |
r-release-linux-x86_64 | 1.0.1 | 3.21 | 72.67 | 75.88 | OK | |
r-release-macos-arm64 | 1.0.1 | 41.00 | OK | |||
r-release-macos-x86_64 | 1.0.1 | 58.00 | OK | |||
r-release-windows-x86_64 | 1.0.1 | 7.00 | 79.00 | 86.00 | OK | |
r-oldrel-macos-arm64 | 1.0.1 | 63.00 | OK | |||
r-oldrel-macos-x86_64 | 1.0.1 | 77.00 | OK | |||
r-oldrel-windows-x86_64 | 1.0.1 | 8.00 | 90.00 | 98.00 | OK |
Version: 1.0.1
Check: Rd cross-references
Result: NOTE
Found the following Rd file(s) with Rd \link{} targets missing package
anchors:
lemna.Rd: deSolve
Please provide package anchors for all Rd \link{} targets not in the
package itself and the base packages.
Flavor: r-devel-windows-x86_64