Last updated on 2024-07-18 09:52:27 CEST.
Flavor | Version | Tinstall | Tcheck | Ttotal | Status | Flags |
---|---|---|---|---|---|---|
r-devel-linux-x86_64-debian-clang | 0.4.9 | 12.89 | 214.79 | 227.68 | NOTE | |
r-devel-linux-x86_64-debian-gcc | 0.4.9 | 8.81 | 161.13 | 169.94 | NOTE | |
r-devel-linux-x86_64-fedora-clang | 0.4.9 | 282.89 | NOTE | |||
r-devel-linux-x86_64-fedora-gcc | 0.4.9 | 280.99 | NOTE | |||
r-devel-windows-x86_64 | 0.4.9 | 11.00 | 165.00 | 176.00 | NOTE | |
r-patched-linux-x86_64 | 0.4.9 | 14.31 | 208.16 | 222.47 | NOTE | |
r-release-linux-x86_64 | 0.4.9 | 9.21 | 206.95 | 216.16 | NOTE | |
r-release-macos-arm64 | 0.4.9 | 80.00 | OK | |||
r-release-macos-x86_64 | 0.4.9 | 132.00 | OK | |||
r-release-windows-x86_64 | 0.4.9 | 10.00 | 166.00 | 176.00 | NOTE | |
r-oldrel-macos-arm64 | 0.4.9 | 88.00 | OK | |||
r-oldrel-macos-x86_64 | 0.4.9 | 177.00 | OK | |||
r-oldrel-windows-x86_64 | 0.4.9 | 14.00 | 199.00 | 213.00 | OK |
Version: 0.4.9
Check: HTML version of manual
Result: NOTE
Found the following HTML validation problems:
annotate_axis.html:91:1 (annotate_axis.Rd:54): Warning: trimming empty <h3>
Flavors: r-devel-linux-x86_64-debian-clang, r-devel-linux-x86_64-debian-gcc, r-devel-linux-x86_64-fedora-clang, r-devel-linux-x86_64-fedora-gcc, r-devel-windows-x86_64, r-patched-linux-x86_64, r-release-linux-x86_64, r-release-windows-x86_64
Version: 0.4.9
Check: Rd cross-references
Result: NOTE
Found the following Rd file(s) with Rd \link{} targets missing package
anchors:
brackets.Rd: theme
coord_capped.Rd: coord_cartesian, coord_flip
coord_flex.Rd: absoluteGrob
Please provide package anchors for all Rd \link{} targets not in the
package itself and the base packages.
Flavor: r-devel-windows-x86_64