Last updated on 2024-07-18 09:52:27 CEST.
Flavor | Version | Tinstall | Tcheck | Ttotal | Status | Flags |
---|---|---|---|---|---|---|
r-devel-linux-x86_64-debian-clang | 0.0.8 | 15.80 | 53.18 | 68.98 | OK | |
r-devel-linux-x86_64-debian-gcc | 0.0.8 | 10.71 | 40.95 | 51.66 | OK | |
r-devel-linux-x86_64-fedora-clang | 0.0.8 | 89.49 | OK | |||
r-devel-linux-x86_64-fedora-gcc | 0.0.8 | 83.66 | OK | |||
r-devel-windows-x86_64 | 0.0.8 | 14.00 | 73.00 | 87.00 | NOTE | |
r-patched-linux-x86_64 | 0.0.8 | 15.03 | 52.37 | 67.40 | OK | |
r-release-linux-x86_64 | 0.0.8 | 16.49 | 51.13 | 67.62 | OK | |
r-release-macos-arm64 | 0.0.8 | 31.00 | OK | |||
r-release-macos-x86_64 | 0.0.8 | 40.00 | OK | |||
r-release-windows-x86_64 | 0.0.8 | 14.00 | 73.00 | 87.00 | NOTE | |
r-oldrel-macos-arm64 | 0.0.8 | 31.00 | OK | |||
r-oldrel-macos-x86_64 | 0.0.8 | 50.00 | OK | |||
r-oldrel-windows-x86_64 | 0.0.8 | 15.00 | 83.00 | 98.00 | NOTE |
Version: 0.0.8
Check: package dependencies
Result: NOTE
Package suggested but not available for checking: 'rsyslog'
Flavors: r-devel-windows-x86_64, r-release-windows-x86_64, r-oldrel-windows-x86_64
Version: 0.0.8
Check: Rd cross-references
Result: NOTE
Found the following Rd file(s) with Rd \link{} targets missing package
anchors:
AppenderDbi.Rd: LogEvent, AppenderBuffer
AppenderDigest.Rd: Layout, LogEvent, LayoutFormat, LayoutGlue
AppenderDt.Rd: AppenderBuffer, LogEvent
AppenderElasticSearch.Rd: AppenderBuffer
AppenderGmail.Rd: AppenderBuffer, LayoutFormat, LayoutGlue
AppenderPushbullet.Rd: AppenderBuffer, LayoutFormat, LayoutGlue
AppenderSendmail.Rd: AppenderBuffer, LayoutFormat, LayoutGlue
AppenderSyslog.Rd: log_levels, LayoutFormat, LayoutJson
LayoutDbi.Rd: as.data.table.LogEvent
Please provide package anchors for all Rd \link{} targets not in the
package itself and the base packages.
Flavor: r-devel-windows-x86_64