Last updated on 2024-07-18 09:52:27 CEST.
Flavor | Version | Tinstall | Tcheck | Ttotal | Status | Flags |
---|---|---|---|---|---|---|
r-devel-linux-x86_64-debian-clang | 1.6.4 | 5.71 | 59.51 | 65.22 | OK | |
r-devel-linux-x86_64-debian-gcc | 1.6.4 | 3.71 | 44.11 | 47.82 | OK | |
r-devel-linux-x86_64-fedora-clang | 1.6.4 | 81.19 | NOTE | |||
r-devel-linux-x86_64-fedora-gcc | 1.6.4 | 89.46 | NOTE | |||
r-devel-windows-x86_64 | 1.6.4 | 7.00 | 75.00 | 82.00 | OK | |
r-patched-linux-x86_64 | 1.6.4 | 6.23 | 57.46 | 63.69 | OK | |
r-release-linux-x86_64 | 1.6.4 | 5.68 | 55.43 | 61.11 | OK | |
r-release-macos-arm64 | 1.6.4 | 32.00 | OK | |||
r-release-macos-x86_64 | 1.6.4 | 54.00 | OK | |||
r-release-windows-x86_64 | 1.6.4 | 5.00 | 75.00 | 80.00 | OK | |
r-oldrel-macos-arm64 | 1.6.4 | 31.00 | OK | |||
r-oldrel-macos-x86_64 | 1.6.4 | 51.00 | OK | |||
r-oldrel-windows-x86_64 | 1.6.4 | 7.00 | 83.00 | 90.00 | OK |
Version: 1.6.4
Check: data for non-ASCII characters
Result: NOTE
Note: found 22 marked UTF-8 strings
Flavors: r-devel-linux-x86_64-fedora-clang, r-devel-linux-x86_64-fedora-gcc