Last updated on 2024-07-18 09:52:27 CEST.
Flavor | Version | Tinstall | Tcheck | Ttotal | Status | Flags |
---|---|---|---|---|---|---|
r-devel-linux-x86_64-debian-clang | 1.0.0 | 159.38 | 39.95 | 199.33 | NOTE | |
r-devel-linux-x86_64-debian-gcc | 1.0.0 | 96.56 | 30.58 | 127.14 | NOTE | |
r-devel-linux-x86_64-fedora-clang | 1.0.0 | 304.18 | NOTE | |||
r-devel-linux-x86_64-fedora-gcc | 1.0.0 | 311.17 | NOTE | |||
r-devel-windows-x86_64 | 1.0.0 | 123.00 | 70.00 | 193.00 | NOTE | |
r-patched-linux-x86_64 | 1.0.0 | 132.95 | 38.80 | 171.75 | NOTE | |
r-release-linux-x86_64 | 1.0.0 | 92.53 | 38.86 | 131.39 | NOTE | |
r-release-macos-arm64 | 1.0.0 | 63.00 | NOTE | |||
r-release-macos-x86_64 | 1.0.0 | 83.00 | NOTE | |||
r-release-windows-x86_64 | 1.0.0 | 124.00 | 74.00 | 198.00 | NOTE | |
r-oldrel-macos-arm64 | 1.0.0 | 61.00 | OK | |||
r-oldrel-macos-x86_64 | 1.0.0 | 71.00 | OK | |||
r-oldrel-windows-x86_64 | 1.0.0 | 152.00 | 80.00 | 232.00 | OK |
Version: 1.0.0
Check: Rd files
Result: NOTE
checkRd: (-1) lit.Rd:21: Lost braces in \itemize; \value handles \item{}{} directly
checkRd: (-1) lit.Rd:22: Lost braces in \itemize; \value handles \item{}{} directly
checkRd: (-1) lit.Rd:23: Lost braces in \itemize; \value handles \item{}{} directly
checkRd: (-1) lit_plink.Rd:23: Lost braces in \itemize; \value handles \item{}{} directly
checkRd: (-1) lit_plink.Rd:24: Lost braces in \itemize; \value handles \item{}{} directly
checkRd: (-1) lit_plink.Rd:25: Lost braces in \itemize; \value handles \item{}{} directly
Flavors: r-devel-linux-x86_64-debian-clang, r-devel-linux-x86_64-debian-gcc, r-devel-linux-x86_64-fedora-clang, r-devel-linux-x86_64-fedora-gcc, r-devel-windows-x86_64, r-patched-linux-x86_64, r-release-linux-x86_64, r-release-macos-arm64, r-release-macos-x86_64, r-release-windows-x86_64
Version: 1.0.0
Check: Rd cross-references
Result: NOTE
Found the following Rd file(s) with Rd \link{} targets missing package
anchors:
gamut_plink.Rd: genio
lit_plink.Rd: genio
marginal_plink.Rd: genio
Please provide package anchors for all Rd \link{} targets not in the
package itself and the base packages.
Flavor: r-devel-windows-x86_64