Last updated on 2024-07-18 04:50:18 CEST.
Flavor | Version | Tinstall | Tcheck | Ttotal | Status | Flags |
---|---|---|---|---|---|---|
r-devel-linux-x86_64-debian-clang | 0.0.2 | 34.10 | 33.74 | 67.84 | NOTE | |
r-devel-linux-x86_64-debian-gcc | 0.0.2 | 34.81 | 25.63 | 60.44 | NOTE | |
r-devel-linux-x86_64-fedora-clang | 0.0.2 | 96.93 | NOTE | |||
r-devel-linux-x86_64-fedora-gcc | 0.0.2 | 114.73 | NOTE | |||
r-devel-windows-x86_64 | 0.0.2 | 33.00 | 69.00 | 102.00 | NOTE | |
r-patched-linux-x86_64 | 0.0.2 | 42.74 | 32.46 | 75.20 | OK | |
r-release-linux-x86_64 | 0.0.2 | 39.97 | 32.23 | 72.20 | OK | |
r-release-macos-arm64 | 0.0.2 | 28.00 | OK | |||
r-release-macos-x86_64 | 0.0.2 | 36.00 | OK | |||
r-release-windows-x86_64 | 0.0.2 | 34.00 | 71.00 | 105.00 | OK | |
r-oldrel-macos-arm64 | 0.0.2 | 31.00 | OK | |||
r-oldrel-macos-x86_64 | 0.0.2 | 64.00 | OK | |||
r-oldrel-windows-x86_64 | 0.0.2 | 33.00 | 75.00 | 108.00 | OK |
Version: 0.0.2
Check: compiled code
Result: NOTE
File ‘literanger/libs/literanger.so’:
Found non-API calls to R: ‘SETLENGTH’, ‘SET_GROWABLE_BIT’,
‘SET_TRUELENGTH’
Compiled code should not call non-API entry points in R.
See ‘Writing portable packages’ in the ‘Writing R Extensions’ manual,
and section ‘Moving into C API compliance’ for issues with the use of
non-API entry points.
Flavors: r-devel-linux-x86_64-debian-clang, r-devel-linux-x86_64-debian-gcc, r-devel-linux-x86_64-fedora-clang, r-devel-linux-x86_64-fedora-gcc
Version: 0.0.2
Check: compiled code
Result: NOTE
File 'literanger/libs/x64/literanger.dll':
Found non-API calls to R: 'SETLENGTH', 'SET_GROWABLE_BIT',
'SET_TRUELENGTH'
Compiled code should not call non-API entry points in R.
See 'Writing portable packages' in the 'Writing R Extensions' manual,
and section 'Moving into C API compliance' for issues with the use of
non-API entry points.
Flavor: r-devel-windows-x86_64