Last updated on 2024-07-18 09:52:27 CEST.
Flavor | Version | Tinstall | Tcheck | Ttotal | Status | Flags |
---|---|---|---|---|---|---|
r-devel-linux-x86_64-debian-clang | 1.1.1 | 3.46 | 75.40 | 78.86 | NOTE | |
r-devel-linux-x86_64-debian-gcc | 1.1.1 | 2.32 | 56.12 | 58.44 | NOTE | |
r-devel-linux-x86_64-fedora-clang | 1.1.1 | 99.46 | NOTE | |||
r-devel-linux-x86_64-fedora-gcc | 1.1.1 | 106.85 | NOTE | |||
r-devel-windows-x86_64 | 1.1.1 | 3.00 | 88.00 | 91.00 | NOTE | |
r-patched-linux-x86_64 | 1.1.1 | 3.08 | 70.08 | 73.16 | NOTE | |
r-release-linux-x86_64 | 1.1.1 | 2.93 | 71.58 | 74.51 | NOTE | |
r-release-macos-arm64 | 1.1.1 | 33.00 | NOTE | |||
r-release-macos-x86_64 | 1.1.1 | 66.00 | NOTE | |||
r-release-windows-x86_64 | 1.1.1 | 5.00 | 87.00 | 92.00 | NOTE | |
r-oldrel-macos-arm64 | 1.1.1 | 34.00 | NOTE | |||
r-oldrel-macos-x86_64 | 1.1.1 | 70.00 | NOTE | |||
r-oldrel-windows-x86_64 | 1.1.1 | 5.00 | 96.00 | 101.00 | NOTE |
Version: 1.1.1
Check: package subdirectories
Result: NOTE
Problems with news in ‘NEWS.md’:
Cannot extract version info from the following section titles:
Author
Maintainer
Flavors: r-devel-linux-x86_64-debian-clang, r-devel-linux-x86_64-debian-gcc, r-devel-linux-x86_64-fedora-clang, r-devel-linux-x86_64-fedora-gcc, r-devel-windows-x86_64, r-patched-linux-x86_64, r-release-linux-x86_64, r-release-macos-arm64, r-release-macos-x86_64, r-release-windows-x86_64, r-oldrel-macos-arm64, r-oldrel-macos-x86_64, r-oldrel-windows-x86_64