Last updated on 2024-07-18 09:52:27 CEST.
Flavor | Version | Tinstall | Tcheck | Ttotal | Status | Flags |
---|---|---|---|---|---|---|
r-devel-linux-x86_64-debian-clang | 0.41 | 8.45 | 51.22 | 59.67 | OK | |
r-devel-linux-x86_64-debian-gcc | 0.41 | 6.20 | 40.32 | 46.52 | OK | |
r-devel-linux-x86_64-fedora-clang | 0.41 | 79.62 | NOTE | |||
r-devel-linux-x86_64-fedora-gcc | 0.41 | 72.82 | NOTE | |||
r-devel-windows-x86_64 | 0.41 | 12.00 | 71.00 | 83.00 | OK | |
r-patched-linux-x86_64 | 0.41 | 7.12 | 50.37 | 57.49 | OK | |
r-release-linux-x86_64 | 0.41 | 6.30 | 49.00 | 55.30 | OK | |
r-release-macos-arm64 | 0.41 | 30.00 | OK | |||
r-release-macos-x86_64 | 0.41 | 43.00 | OK | |||
r-release-windows-x86_64 | 0.41 | 13.00 | 71.00 | 84.00 | OK | |
r-oldrel-macos-arm64 | 0.41 | 31.00 | OK | |||
r-oldrel-macos-x86_64 | 0.41 | 43.00 | OK | |||
r-oldrel-windows-x86_64 | 0.41 | 14.00 | 77.00 | 91.00 | OK |
Version: 0.41
Check: compiled code
Result: NOTE
File ‘localgauss/libs/localgauss.so’:
Found no calls to: ‘R_registerRoutines’, ‘R_useDynamicSymbols’
It is good practice to register native routines and to disable symbol
search.
See ‘Writing portable packages’ in the ‘Writing R Extensions’ manual.
Flavors: r-devel-linux-x86_64-fedora-clang, r-devel-linux-x86_64-fedora-gcc