Last updated on 2024-07-18 09:52:28 CEST.
Flavor | Version | Tinstall | Tcheck | Ttotal | Status | Flags |
---|---|---|---|---|---|---|
r-devel-linux-x86_64-debian-clang | 2.2.2 | 9.81 | 347.05 | 356.86 | NOTE | |
r-devel-linux-x86_64-debian-gcc | 2.2.2 | 5.43 | 292.53 | 297.96 | NOTE | |
r-devel-linux-x86_64-fedora-clang | 2.2.2 | 461.27 | NOTE | |||
r-devel-linux-x86_64-fedora-gcc | 2.2.2 | 483.31 | NOTE | |||
r-devel-windows-x86_64 | 2.2.2 | 9.00 | 355.00 | 364.00 | NOTE | |
r-patched-linux-x86_64 | 2.2.2 | 7.84 | 373.66 | 381.50 | NOTE | |
r-release-linux-x86_64 | 2.2.2 | 6.02 | 368.93 | 374.95 | NOTE | |
r-release-macos-arm64 | 2.2.2 | 153.00 | NOTE | |||
r-release-macos-x86_64 | 2.2.2 | 310.00 | NOTE | |||
r-release-windows-x86_64 | 2.2.2 | 9.00 | 357.00 | 366.00 | NOTE | |
r-oldrel-macos-arm64 | 2.2.2 | 170.00 | OK | |||
r-oldrel-macos-x86_64 | 2.2.2 | 345.00 | OK | |||
r-oldrel-windows-x86_64 | 2.2.2 | 10.00 | 409.00 | 419.00 | OK |
Version: 2.2.2
Check: Rd files
Result: NOTE
checkRd: (-1) qut.Rd:16: Lost braces; missing escapes or markup?
16 | \item{q}{A number between \code{0} and \code{1}. The quantile of the distribution of $lambda_{QUT}$ to take.}
| ^
checkRd: (-1) qut.Rd:25: Lost braces; missing escapes or markup?
25 | the value of $lambda_{QUT}$ to use in LoRI.
| ^
Flavors: r-devel-linux-x86_64-debian-clang, r-devel-linux-x86_64-debian-gcc, r-devel-linux-x86_64-fedora-clang, r-devel-linux-x86_64-fedora-gcc, r-devel-windows-x86_64, r-patched-linux-x86_64, r-release-linux-x86_64, r-release-macos-arm64, r-release-macos-x86_64, r-release-windows-x86_64