Last updated on 2024-07-18 09:52:28 CEST.
Flavor | Version | Tinstall | Tcheck | Ttotal | Status | Flags |
---|---|---|---|---|---|---|
r-devel-linux-x86_64-debian-clang | 1.0.2 | 35.27 | 80.74 | 116.01 | NOTE | |
r-devel-linux-x86_64-debian-gcc | 1.0.2 | 23.14 | 62.36 | 85.50 | NOTE | |
r-devel-linux-x86_64-fedora-clang | 1.0.2 | 161.91 | NOTE | |||
r-devel-linux-x86_64-fedora-gcc | 1.0.2 | 162.20 | NOTE | |||
r-devel-windows-x86_64 | 1.0.2 | 31.00 | 102.00 | 133.00 | NOTE | |
r-patched-linux-x86_64 | 1.0.2 | 36.01 | 77.03 | 113.04 | NOTE | |
r-release-linux-x86_64 | 1.0.2 | 19.87 | 77.69 | 97.56 | NOTE | |
r-release-macos-arm64 | 1.0.2 | 48.00 | NOTE | |||
r-release-macos-x86_64 | 1.0.2 | 66.00 | NOTE | |||
r-release-windows-x86_64 | 1.0.2 | 33.00 | 101.00 | 134.00 | NOTE | |
r-oldrel-macos-arm64 | 1.0.2 | 50.00 | NOTE | |||
r-oldrel-macos-x86_64 | 1.0.2 | 79.00 | NOTE | |||
r-oldrel-windows-x86_64 | 1.0.2 | 39.00 | 115.00 | 154.00 | NOTE |
Version: 1.0.2
Check: LazyData
Result: NOTE
'LazyData' is specified without a 'data' directory
Flavors: r-devel-linux-x86_64-debian-clang, r-devel-linux-x86_64-debian-gcc, r-devel-linux-x86_64-fedora-clang, r-devel-linux-x86_64-fedora-gcc, r-devel-windows-x86_64, r-patched-linux-x86_64, r-release-linux-x86_64, r-release-macos-arm64, r-release-macos-x86_64, r-release-windows-x86_64, r-oldrel-macos-arm64, r-oldrel-macos-x86_64, r-oldrel-windows-x86_64
Version: 1.0.2
Check: Rd cross-references
Result: NOTE
Found the following Rd file(s) with Rd \link{} targets missing package
anchors:
factor_poly.Rd: mp
gb.Rd: mp, mpolyList
ideal.Rd: mp
Please provide package anchors for all Rd \link{} targets not in the
package itself and the base packages.
Flavor: r-devel-windows-x86_64