Last updated on 2024-07-18 09:52:28 CEST.
Flavor | Version | Tinstall | Tcheck | Ttotal | Status | Flags |
---|---|---|---|---|---|---|
r-devel-linux-x86_64-debian-clang | 0.9.3 | 10.19 | 700.92 | 711.11 | OK | |
r-devel-linux-x86_64-debian-gcc | 0.9.3 | 7.31 | 517.61 | 524.92 | OK | |
r-devel-linux-x86_64-fedora-clang | 0.9.3 | 930.22 | NOTE | |||
r-devel-linux-x86_64-fedora-gcc | 0.9.3 | 901.44 | NOTE | |||
r-devel-windows-x86_64 | 0.9.3 | 11.00 | 519.00 | 530.00 | OK | |
r-patched-linux-x86_64 | 0.9.3 | 10.92 | 703.09 | 714.01 | OK | |
r-release-linux-x86_64 | 0.9.3 | 6.08 | 701.36 | 707.44 | OK | |
r-release-macos-arm64 | 0.9.3 | 221.00 | OK | |||
r-release-macos-x86_64 | 0.9.3 | 362.00 | OK | |||
r-release-windows-x86_64 | 0.9.3 | 11.00 | 518.00 | 529.00 | OK | |
r-oldrel-macos-arm64 | 0.9.3 | 242.00 | OK | |||
r-oldrel-macos-x86_64 | 0.9.3 | 596.00 | OK | |||
r-oldrel-windows-x86_64 | 0.9.3 | 12.00 | 670.00 | 682.00 | OK |
Version: 0.9.3
Check: data for non-ASCII characters
Result: NOTE
Note: found 3 marked UTF-8 strings
Flavors: r-devel-linux-x86_64-fedora-clang, r-devel-linux-x86_64-fedora-gcc