Last updated on 2024-07-18 09:52:28 CEST.
Flavor | Version | Tinstall | Tcheck | Ttotal | Status | Flags |
---|---|---|---|---|---|---|
r-devel-linux-x86_64-debian-clang | 0.9.1 | 9.17 | 158.90 | 168.07 | OK | |
r-devel-linux-x86_64-debian-gcc | 0.9.1 | 6.50 | 115.16 | 121.66 | OK | |
r-devel-linux-x86_64-fedora-clang | 0.9.1 | 209.14 | NOTE | |||
r-devel-linux-x86_64-fedora-gcc | 0.9.1 | 202.05 | NOTE | |||
r-devel-windows-x86_64 | 0.9.1 | 10.00 | 128.00 | 138.00 | OK | |
r-patched-linux-x86_64 | 0.9.1 | 10.81 | 152.14 | 162.95 | OK | |
r-release-linux-x86_64 | 0.9.1 | 9.25 | 149.43 | 158.68 | OK | |
r-release-macos-arm64 | 0.9.1 | 64.00 | OK | |||
r-release-macos-x86_64 | 0.9.1 | 159.00 | OK | |||
r-release-windows-x86_64 | 0.9.1 | 10.00 | 119.00 | 129.00 | OK | |
r-oldrel-macos-arm64 | 0.9.1 | 65.00 | OK | |||
r-oldrel-macos-x86_64 | 0.9.1 | 116.00 | OK | |||
r-oldrel-windows-x86_64 | 0.9.1 | 11.00 | 142.00 | 153.00 | OK |
Version: 0.9.1
Check: data for non-ASCII characters
Result: NOTE
Note: found 13138 marked UTF-8 strings
Flavors: r-devel-linux-x86_64-fedora-clang, r-devel-linux-x86_64-fedora-gcc