Last updated on 2024-07-18 09:52:28 CEST.
Flavor | Version | Tinstall | Tcheck | Ttotal | Status | Flags |
---|---|---|---|---|---|---|
r-devel-linux-x86_64-debian-clang | 0.2.2 | 3.48 | 30.04 | 33.52 | OK | |
r-devel-linux-x86_64-debian-gcc | 0.2.2 | 3.17 | 22.69 | 25.86 | OK | |
r-devel-linux-x86_64-fedora-clang | 0.2.2 | 42.42 | NOTE | |||
r-devel-linux-x86_64-fedora-gcc | 0.2.2 | 40.23 | NOTE | |||
r-devel-windows-x86_64 | 0.2.2 | 4.00 | 47.00 | 51.00 | OK | |
r-patched-linux-x86_64 | 0.2.2 | 3.68 | 28.52 | 32.20 | OK | |
r-release-linux-x86_64 | 0.2.2 | 3.28 | 28.73 | 32.01 | OK | |
r-release-macos-arm64 | 0.2.2 | 39.00 | OK | |||
r-release-macos-x86_64 | 0.2.2 | 52.00 | OK | |||
r-release-windows-x86_64 | 0.2.2 | 4.00 | 46.00 | 50.00 | OK | |
r-oldrel-macos-arm64 | 0.2.2 | 27.00 | OK | |||
r-oldrel-macos-x86_64 | 0.2.2 | 35.00 | OK | |||
r-oldrel-windows-x86_64 | 0.2.2 | 5.00 | 50.00 | 55.00 | OK |
Version: 0.2.2
Check: data for non-ASCII characters
Result: NOTE
Note: found 1056 marked UTF-8 strings
Flavors: r-devel-linux-x86_64-fedora-clang, r-devel-linux-x86_64-fedora-gcc